CRAN Package Check Results for Package Rblpapi

Last updated on 2019-11-26 00:52:05 CET.

Flavor Version Tinstall Tcheck Ttotal Status Flags
r-devel-linux-x86_64-debian-clang 0.3.10 145.33 29.68 175.01 NOTE
r-devel-linux-x86_64-debian-gcc 0.3.10 98.70 23.65 122.35 NOTE
r-devel-linux-x86_64-fedora-clang 0.3.10 248.66 NOTE
r-devel-linux-x86_64-fedora-gcc 0.3.10 228.52 NOTE
r-devel-windows-ix86+x86_64 0.3.10 355.00 135.00 490.00 NOTE
r-devel-windows-ix86+x86_64-gcc8 0.3.10 377.00 119.00 496.00 NOTE
r-patched-linux-x86_64 0.3.10 112.80 28.76 141.56 NOTE
r-release-linux-x86_64 0.3.10 111.21 29.08 140.29 NOTE
r-release-windows-ix86+x86_64 0.3.10 421.00 164.00 585.00 NOTE
r-release-osx-x86_64 0.3.10 NOTE
r-oldrel-windows-ix86+x86_64 0.3.10 266.00 133.00 399.00 NOTE
r-oldrel-osx-x86_64 0.3.10 NOTE

Check Details

Version: 0.3.10
Check: whether package can be installed
Result: NOTE
    Found the following notes/warnings:
     Non-staged installation was used
Flavors: r-devel-linux-x86_64-debian-clang, r-devel-linux-x86_64-debian-gcc, r-devel-linux-x86_64-fedora-clang, r-devel-linux-x86_64-fedora-gcc, r-devel-windows-ix86+x86_64, r-devel-windows-ix86+x86_64-gcc8, r-patched-linux-x86_64, r-release-linux-x86_64, r-release-windows-ix86+x86_64, r-release-osx-x86_64

Version: 0.3.10
Check: installed package size
Result: NOTE
     installed size is 15.4Mb
     sub-directories of 1Mb or more:
     blp 7.1Mb
     libs 7.4Mb
Flavors: r-devel-linux-x86_64-fedora-clang, r-devel-windows-ix86+x86_64, r-devel-windows-ix86+x86_64-gcc8, r-release-windows-ix86+x86_64, r-release-osx-x86_64, r-oldrel-windows-ix86+x86_64, r-oldrel-osx-x86_64

Version: 0.3.10
Check: top-level files
Result: NOTE
    ‘configure’: /bin/bash is not portable
Flavors: r-devel-linux-x86_64-fedora-clang, r-devel-linux-x86_64-fedora-gcc