Last updated on 2019-11-26 00:52:05 CET.
Flavor | Version | Tinstall | Tcheck | Ttotal | Status | Flags |
---|---|---|---|---|---|---|
r-devel-linux-x86_64-debian-clang | 4.2-6 | 14.59 | 125.06 | 139.65 | OK | |
r-devel-linux-x86_64-debian-gcc | 4.2-6 | 11.81 | 96.59 | 108.40 | OK | |
r-devel-linux-x86_64-fedora-clang | 4.2-6 | 161.65 | OK | |||
r-devel-linux-x86_64-fedora-gcc | 4.2-6 | 158.67 | OK | |||
r-devel-windows-ix86+x86_64 | 4.2-6 | 51.00 | 224.00 | 275.00 | OK | |
r-devel-windows-ix86+x86_64-gcc8 | 4.2-6 | 46.00 | 159.00 | 205.00 | OK | |
r-patched-linux-x86_64 | 4.2-6 | 13.26 | 119.28 | 132.54 | OK | |
r-patched-solaris-x86 | 4.2-6 | 276.60 | OK | |||
r-release-linux-x86_64 | 4.2-6 | 13.66 | 121.40 | 135.06 | OK | |
r-release-windows-ix86+x86_64 | 4.2-6 | 58.00 | 220.00 | 278.00 | OK | |
r-release-osx-x86_64 | 4.2-6 | OK | ||||
r-oldrel-windows-ix86+x86_64 | 4.2-6 | 38.00 | 129.00 | 167.00 | WARN | |
r-oldrel-osx-x86_64 | 4.2-6 | OK |
Version: 4.2-6
Check: whether package can be installed
Result: WARN
Found the following significant warnings:
Warning: S3 methods '[.fun_list', '[.grouped_df', 'all.equal.tbl_df', 'anti_join.data.frame', 'anti_join.tbl_df', 'arrange.data.frame', 'arrange.default', 'arrange.grouped_df', 'arrange.tbl_df', 'arrange_.data.frame', 'arrange_.tbl_df', 'as.data.frame.grouped_df', 'as.data.frame.rowwise_df', 'as.data.frame.tbl_cube', 'as.table.tbl_cube', 'as.tbl.data.frame', 'as.tbl.tbl', 'as.tbl_cube.array', 'as.tbl_cube.data.frame', 'as.tbl_cube.matrix', 'as.tbl_cube.table', 'as_tibble.grouped_df', 'as_tibble.tbl_cube', 'auto_copy.tbl_cube', 'auto_copy.tbl_df', 'cbind.grouped_df', 'collapse.data.frame', 'collect.data.frame', 'common_by.NULL', 'common_by.character', 'common_by.default', 'common_by.list', 'compute.data.frame', 'copy_to.DBIConnection', 'copy_to.src_local', 'default_missing.data.frame', 'default_missing.default', 'dim.tbl_cube', 'distinct.data.frame', 'distinct.default', 'distinct.grouped_df', 'distinct.tbl_df', 'distinct_.data.frame', 'distinct_.grouped_df', 'distinct_.tbl_df', 'do.NULL', 'do.da [... truncated]
Flavor: r-oldrel-windows-ix86+x86_64