Last updated on 2019-11-26 00:52:09 CET.
Flavor | Version | Tinstall | Tcheck | Ttotal | Status | Flags |
---|---|---|---|---|---|---|
r-devel-linux-x86_64-debian-clang | 0.1-3 | 328.53 | 105.19 | 433.72 | NOTE | |
r-devel-linux-x86_64-debian-gcc | 0.1-3 | 324.43 | 92.95 | 417.38 | NOTE | |
r-devel-linux-x86_64-fedora-clang | 0.1-3 | 553.56 | NOTE | |||
r-devel-linux-x86_64-fedora-gcc | 0.1-3 | 674.43 | NOTE | |||
r-devel-windows-ix86+x86_64 | 0.1-3 | 717.00 | 263.00 | 980.00 | NOTE | |
r-devel-windows-ix86+x86_64-gcc8 | 0.1-3 | 604.00 | 195.00 | 799.00 | NOTE | |
r-patched-linux-x86_64 | 0.1-3 | 319.74 | 109.85 | 429.59 | NOTE | |
r-patched-solaris-x86 | 0.1-3 | 559.90 | NOTE | |||
r-release-linux-x86_64 | 0.1-3 | 321.73 | 110.27 | 432.00 | NOTE | |
r-release-windows-ix86+x86_64 | 0.1-3 | 691.00 | 249.00 | 940.00 | NOTE | |
r-release-osx-x86_64 | 0.1-3 | NOTE | ||||
r-oldrel-windows-ix86+x86_64 | 0.1-3 | 497.00 | 189.00 | 686.00 | NOTE | |
r-oldrel-osx-x86_64 | 0.1-3 | NOTE |
Version: 0.1-3
Check: for GNU extensions in Makefiles
Result: NOTE
GNU make is a SystemRequirements.
Flavors: r-devel-linux-x86_64-debian-clang, r-devel-linux-x86_64-debian-gcc, r-devel-linux-x86_64-fedora-clang, r-devel-linux-x86_64-fedora-gcc, r-devel-windows-ix86+x86_64, r-devel-windows-ix86+x86_64-gcc8, r-patched-linux-x86_64, r-patched-solaris-x86, r-release-linux-x86_64, r-release-windows-ix86+x86_64, r-release-osx-x86_64, r-oldrel-windows-ix86+x86_64, r-oldrel-osx-x86_64
Version: 0.1-3
Check: installed package size
Result: NOTE
installed size is 53.8Mb
sub-directories of 1Mb or more:
libs 53.3Mb
Flavors: r-devel-linux-x86_64-fedora-clang, r-devel-windows-ix86+x86_64, r-devel-windows-ix86+x86_64-gcc8, r-release-windows-ix86+x86_64, r-release-osx-x86_64, r-oldrel-windows-ix86+x86_64, r-oldrel-osx-x86_64