Last updated on 2019-11-26 00:52:09 CET.
Flavor | Version | Tinstall | Tcheck | Ttotal | Status | Flags |
---|---|---|---|---|---|---|
r-devel-linux-x86_64-debian-clang | 1.1.1 | 2.79 | 19.40 | 22.19 | OK | |
r-devel-linux-x86_64-debian-gcc | 1.1.1 | 2.22 | 15.82 | 18.04 | OK | |
r-devel-linux-x86_64-fedora-clang | 1.1.1 | 27.16 | NOTE | |||
r-devel-linux-x86_64-fedora-gcc | 1.1.1 | 26.78 | NOTE | |||
r-devel-windows-ix86+x86_64 | 1.1.1 | 18.00 | 58.00 | 76.00 | OK | |
r-devel-windows-ix86+x86_64-gcc8 | 1.1.1 | 12.00 | 45.00 | 57.00 | OK | |
r-patched-linux-x86_64 | 1.1.1 | 2.28 | 19.46 | 21.74 | OK | |
r-patched-solaris-x86 | 1.1.1 | 39.60 | OK | |||
r-release-linux-x86_64 | 1.1.1 | 2.42 | 19.41 | 21.83 | OK | |
r-release-windows-ix86+x86_64 | 1.1.1 | 12.00 | 41.00 | 53.00 | OK | |
r-release-osx-x86_64 | 1.1.1 | OK | ||||
r-oldrel-windows-ix86+x86_64 | 1.1.1 | 5.00 | 52.00 | 57.00 | OK | |
r-oldrel-osx-x86_64 | 1.1.1 | OK |
Version: 1.1.1
Check: compiled code
Result: NOTE
File ‘Rlof/libs/Rlof.so’:
Found no calls to: ‘R_registerRoutines’, ‘R_useDynamicSymbols’
It is good practice to register native routines and to disable symbol
search.
See ‘Writing portable packages’ in the ‘Writing R Extensions’ manual.
Flavors: r-devel-linux-x86_64-fedora-clang, r-devel-linux-x86_64-fedora-gcc