Last updated on 2019-11-26 00:52:09 CET.
Flavor | Version | Tinstall | Tcheck | Ttotal | Status | Flags |
---|---|---|---|---|---|---|
r-devel-linux-x86_64-debian-clang | 0.2-6 | 122.91 | 25.67 | 148.58 | OK | |
r-devel-linux-x86_64-debian-gcc | 0.2-6 | 76.51 | 20.33 | 96.84 | OK | |
r-devel-linux-x86_64-fedora-clang | 0.2-6 | 233.09 | NOTE | |||
r-devel-linux-x86_64-fedora-gcc | 0.2-6 | 170.60 | OK | |||
r-devel-windows-ix86+x86_64 | 0.2-6 | 330.00 | 77.00 | 407.00 | OK | |
r-devel-windows-ix86+x86_64-gcc8 | 0.2-6 | 343.00 | 77.00 | 420.00 | OK | |
r-patched-linux-x86_64 | 0.2-6 | 86.61 | 24.61 | 111.22 | OK | |
r-patched-solaris-x86 | 0.2-6 | 173.80 | OK | |||
r-release-linux-x86_64 | 0.2-6 | 86.45 | 24.68 | 111.13 | OK | |
r-release-windows-ix86+x86_64 | 0.2-6 | 354.00 | 73.00 | 427.00 | OK | |
r-release-osx-x86_64 | 0.2-6 | NOTE | ||||
r-oldrel-windows-ix86+x86_64 | 0.2-6 | 248.00 | 88.00 | 336.00 | OK | |
r-oldrel-osx-x86_64 | 0.2-6 | NOTE |
Version: 0.2-6
Check: installed package size
Result: NOTE
installed size is 7.4Mb
sub-directories of 1Mb or more:
libs 7.2Mb
Flavors: r-devel-linux-x86_64-fedora-clang, r-release-osx-x86_64, r-oldrel-osx-x86_64