Last updated on 2019-11-26 00:52:09 CET.
Flavor | Version | Tinstall | Tcheck | Ttotal | Status | Flags |
---|---|---|---|---|---|---|
r-devel-linux-x86_64-debian-clang | 1.2 | 11.35 | 116.04 | 127.39 | NOTE | |
r-devel-linux-x86_64-debian-gcc | 1.2 | 10.29 | 89.50 | 99.79 | NOTE | |
r-devel-linux-x86_64-fedora-clang | 1.2 | 138.40 | NOTE | |||
r-devel-linux-x86_64-fedora-gcc | 1.2 | 137.73 | NOTE | |||
r-devel-windows-ix86+x86_64 | 1.2 | 51.00 | 117.00 | 168.00 | NOTE | |
r-devel-windows-ix86+x86_64-gcc8 | 1.2 | 23.00 | 130.00 | 153.00 | NOTE | |
r-patched-linux-x86_64 | 1.2 | 9.72 | 107.15 | 116.87 | NOTE | |
r-patched-solaris-x86 | 1.2 | 210.20 | NOTE | |||
r-release-linux-x86_64 | 1.2 | 10.34 | 109.06 | 119.40 | NOTE | |
r-release-windows-ix86+x86_64 | 1.2 | 47.00 | 172.00 | 219.00 | NOTE | |
r-release-osx-x86_64 | 1.2 | NOTE | ||||
r-oldrel-windows-ix86+x86_64 | 1.2 | 13.00 | 195.00 | 208.00 | NOTE | |
r-oldrel-osx-x86_64 | 1.2 | NOTE |
Version: 1.2
Check: R code for possible problems
Result: NOTE
bestFM: no visible global function definition for 'data'
gaRoth: no visible global function definition for 'data'
ros: no visible global function definition for 'na.omit'
rosunc: no visible global function definition for 'rnorm'
Undefined global functions or variables:
data na.omit rnorm
Consider adding
importFrom("stats", "na.omit", "rnorm")
importFrom("utils", "data")
to your NAMESPACE file.
Flavors: r-devel-linux-x86_64-debian-clang, r-devel-linux-x86_64-debian-gcc, r-devel-linux-x86_64-fedora-clang, r-devel-linux-x86_64-fedora-gcc, r-devel-windows-ix86+x86_64, r-devel-windows-ix86+x86_64-gcc8, r-patched-linux-x86_64, r-patched-solaris-x86, r-release-linux-x86_64, r-release-windows-ix86+x86_64, r-release-osx-x86_64, r-oldrel-windows-ix86+x86_64, r-oldrel-osx-x86_64