CRAN Package Check Results for Package RtutoR

Last updated on 2019-11-26 00:52:10 CET.

Flavor Version Tinstall Tcheck Ttotal Status Flags
r-devel-linux-x86_64-debian-clang 1.2 18.28 119.11 137.39 OK
r-devel-linux-x86_64-debian-gcc 1.2 13.57 90.13 103.70 OK
r-devel-linux-x86_64-fedora-clang 1.2 157.10 NOTE
r-devel-linux-x86_64-fedora-gcc 1.2 160.55 NOTE
r-devel-windows-ix86+x86_64 1.2 30.00 7.00 37.00 ERROR
r-devel-windows-ix86+x86_64-gcc8 1.2 19.00 6.00 25.00 ERROR
r-patched-linux-x86_64 1.2 17.31 114.34 131.65 OK
r-release-linux-x86_64 1.2 17.75 112.80 130.55 OK
r-release-windows-ix86+x86_64 1.2 52.00 155.00 207.00 OK
r-release-osx-x86_64 1.2 NOTE
r-oldrel-windows-ix86+x86_64 1.2 14.00 116.00 130.00 OK
r-oldrel-osx-x86_64 1.2 NOTE

Check Details

Version: 1.2
Check: dependencies in R code
Result: NOTE
    Namespaces in Imports field not imported from:
     ‘DT’ ‘rmarkdown’
     All declared Imports should be used.
Flavors: r-devel-linux-x86_64-fedora-clang, r-devel-linux-x86_64-fedora-gcc, r-release-osx-x86_64, r-oldrel-osx-x86_64

Version: 1.2
Check: whether package can be installed
Result: ERROR
    Installation failed.
Flavors: r-devel-windows-ix86+x86_64, r-devel-windows-ix86+x86_64-gcc8