CRAN Package Check Results for Package Ryacas0

Last updated on 2019-11-26 00:52:11 CET.

Flavor Version Tinstall Tcheck Ttotal Status Flags
r-devel-linux-x86_64-debian-clang 0.4.2 90.94 109.28 200.22 OK
r-devel-linux-x86_64-debian-gcc 0.4.2 66.49 83.78 150.27 OK
r-devel-linux-x86_64-fedora-clang 0.4.2 268.07 NOTE
r-devel-linux-x86_64-fedora-gcc 0.4.2 244.66 OK
r-devel-windows-ix86+x86_64 0.4.2 231.00 217.00 448.00 OK
r-devel-windows-ix86+x86_64-gcc8 0.4.2 255.00 159.00 414.00 OK
r-patched-linux-x86_64 0.4.2 68.76 106.21 174.97 OK
r-patched-solaris-x86 0.4.2 245.30 OK
r-release-linux-x86_64 0.4.2 71.19 106.00 177.19 OK
r-release-windows-ix86+x86_64 0.4.2 233.00 161.00 394.00 OK
r-release-osx-x86_64 0.4.2 NOTE
r-oldrel-windows-ix86+x86_64 0.4.2 165.00 149.00 314.00 OK
r-oldrel-osx-x86_64 0.4.2 NOTE

Check Details

Version: 0.4.2
Check: installed package size
Result: NOTE
     installed size is 9.8Mb
     sub-directories of 1Mb or more:
     libs 7.8Mb
     yacas 1.5Mb
Flavors: r-devel-linux-x86_64-fedora-clang, r-release-osx-x86_64, r-oldrel-osx-x86_64