Last updated on 2019-11-26 00:52:11 CET.
Flavor | Version | Tinstall | Tcheck | Ttotal | Status | Flags |
---|---|---|---|---|---|---|
r-devel-linux-x86_64-debian-clang | 1.1 | 10.84 | 78.97 | 89.81 | OK | |
r-devel-linux-x86_64-debian-gcc | 1.1 | 8.40 | 59.69 | 68.09 | OK | |
r-devel-linux-x86_64-fedora-clang | 1.1 | 99.83 | NOTE | |||
r-devel-linux-x86_64-fedora-gcc | 1.1 | 100.08 | NOTE | |||
r-devel-windows-ix86+x86_64 | 1.1 | 19.00 | 86.00 | 105.00 | OK | |
r-devel-windows-ix86+x86_64-gcc8 | 1.1 | 20.00 | 85.00 | 105.00 | OK | |
r-patched-linux-x86_64 | 1.1 | 9.12 | 75.97 | 85.09 | OK | |
r-patched-solaris-x86 | 1.1 | 121.80 | NOTE | |||
r-release-linux-x86_64 | 1.1 | 10.99 | 76.81 | 87.80 | OK | |
r-release-windows-ix86+x86_64 | 1.1 | 18.00 | 107.00 | 125.00 | OK | |
r-release-osx-x86_64 | 1.1 | NOTE | ||||
r-oldrel-windows-ix86+x86_64 | 1.1 | 10.00 | 74.00 | 84.00 | OK | |
r-oldrel-osx-x86_64 | 1.1 | NOTE |
Version: 1.1
Check: dependencies in R code
Result: NOTE
Namespaces in Imports field not imported from:
‘R6’ ‘mgcv’
All declared Imports should be used.
Flavors: r-devel-linux-x86_64-fedora-clang, r-devel-linux-x86_64-fedora-gcc, r-patched-solaris-x86
Version: 1.1
Check: dependencies in R code
Result: NOTE
No protocol specified
Namespaces in Imports field not imported from:
‘R6’ ‘mgcv’
All declared Imports should be used.
Flavors: r-release-osx-x86_64, r-oldrel-osx-x86_64