Last updated on 2019-11-26 00:52:11 CET.
Flavor | Version | Tinstall | Tcheck | Ttotal | Status | Flags |
---|---|---|---|---|---|---|
r-devel-linux-x86_64-debian-clang | 1.2 | 3.88 | 102.57 | 106.45 | NOTE | |
r-devel-linux-x86_64-debian-gcc | 1.2 | 3.10 | 67.85 | 70.95 | NOTE | |
r-devel-linux-x86_64-fedora-clang | 1.2 | 112.68 | NOTE | |||
r-devel-linux-x86_64-fedora-gcc | 1.2 | 110.09 | NOTE | |||
r-devel-windows-ix86+x86_64 | 1.2 | 15.00 | 148.00 | 163.00 | NOTE | |
r-devel-windows-ix86+x86_64-gcc8 | 1.2 | 13.00 | 117.00 | 130.00 | NOTE | |
r-patched-linux-x86_64 | 1.2 | 3.99 | 86.24 | 90.23 | OK | |
r-patched-solaris-x86 | 1.2 | 177.30 | NOTE | |||
r-release-linux-x86_64 | 1.2 | 3.48 | 88.48 | 91.96 | OK | |
r-release-windows-ix86+x86_64 | 1.2 | 10.00 | 113.00 | 123.00 | OK | |
r-release-osx-x86_64 | 1.2 | NOTE | ||||
r-oldrel-windows-ix86+x86_64 | 1.2 | 6.00 | 149.00 | 155.00 | OK | |
r-oldrel-osx-x86_64 | 1.2 | NOTE |
Version: 1.2
Check: package vignettes
Result: NOTE
Package vignette with placeholder title 'Vignette Title':
'my-vignette.Rmd'
Flavors: r-devel-linux-x86_64-debian-clang, r-devel-linux-x86_64-debian-gcc, r-devel-windows-ix86+x86_64, r-devel-windows-ix86+x86_64-gcc8
Version: 1.2
Check: dependencies in R code
Result: NOTE
Namespace in Imports field not imported from: ‘gbm’
All declared Imports should be used.
Flavors: r-devel-linux-x86_64-fedora-clang, r-devel-linux-x86_64-fedora-gcc, r-patched-solaris-x86, r-release-osx-x86_64, r-oldrel-osx-x86_64
Version: 1.2
Check: installed package size
Result: NOTE
installed size is 5.3Mb
sub-directories of 1Mb or more:
data 1.5Mb
vignette_data 2.1Mb
Flavor: r-patched-solaris-x86