Last updated on 2019-11-26 00:52:14 CET.
Flavor | Version | Tinstall | Tcheck | Ttotal | Status | Flags |
---|---|---|---|---|---|---|
r-devel-linux-x86_64-debian-clang | 0.2.6 | 27.45 | 251.02 | 278.47 | OK | |
r-devel-linux-x86_64-debian-gcc | 0.2.6 | 24.22 | 190.74 | 214.96 | OK | |
r-devel-linux-x86_64-fedora-clang | 0.2.6 | 310.31 | NOTE | |||
r-devel-linux-x86_64-fedora-gcc | 0.2.6 | 308.65 | NOTE | |||
r-devel-windows-ix86+x86_64 | 0.2.6 | 75.00 | 365.00 | 440.00 | OK | |
r-devel-windows-ix86+x86_64-gcc8 | 0.2.6 | 47.00 | 274.00 | 321.00 | OK | |
r-patched-linux-x86_64 | 0.2.6 | 27.13 | 240.15 | 267.28 | OK | |
r-patched-solaris-x86 | 0.2.6 | 453.00 | NOTE | |||
r-release-linux-x86_64 | 0.2.6 | 25.25 | 248.32 | 273.57 | OK | |
r-release-windows-ix86+x86_64 | 0.2.6 | 60.00 | 359.00 | 419.00 | OK | |
r-release-osx-x86_64 | 0.2.6 | NOTE | ||||
r-oldrel-windows-ix86+x86_64 | 0.2.6 | 28.00 | 268.00 | 296.00 | OK | |
r-oldrel-osx-x86_64 | 0.2.6 | NOTE |
Version: 0.2.6
Check: dependencies in R code
Result: NOTE
Namespace in Imports field not imported from: ‘shinyFiles’
All declared Imports should be used.
Flavors: r-devel-linux-x86_64-fedora-clang, r-devel-linux-x86_64-fedora-gcc, r-patched-solaris-x86, r-release-osx-x86_64, r-oldrel-osx-x86_64