CRAN Package Check Results for Package SanFranBeachWater

Last updated on 2019-11-26 00:52:11 CET.

Flavor Version Tinstall Tcheck Ttotal Status Flags
r-devel-linux-x86_64-debian-clang 0.1.0 5.50 42.02 47.52 OK
r-devel-linux-x86_64-debian-gcc 0.1.0 4.40 31.82 36.22 OK
r-devel-linux-x86_64-fedora-clang 0.1.0 54.84 NOTE
r-devel-linux-x86_64-fedora-gcc 0.1.0 52.93 NOTE
r-devel-windows-ix86+x86_64 0.1.0 22.00 83.00 105.00 OK
r-devel-windows-ix86+x86_64-gcc8 0.1.0 14.00 58.00 72.00 OK
r-patched-linux-x86_64 0.1.0 4.36 39.11 43.47 OK
r-patched-solaris-x86 0.1.0 82.90 NOTE
r-release-linux-x86_64 0.1.0 5.40 38.84 44.24 OK
r-release-windows-ix86+x86_64 0.1.0 17.00 76.00 93.00 OK
r-release-osx-x86_64 0.1.0 NOTE
r-oldrel-windows-ix86+x86_64 0.1.0 7.00 85.00 92.00 OK
r-oldrel-osx-x86_64 0.1.0 NOTE

Check Details

Version: 0.1.0
Check: dependencies in R code
Result: NOTE
    Namespace in Imports field not imported from: ‘tibble’
     All declared Imports should be used.
Flavors: r-devel-linux-x86_64-fedora-clang, r-devel-linux-x86_64-fedora-gcc, r-patched-solaris-x86, r-release-osx-x86_64, r-oldrel-osx-x86_64