CRAN Package Check Results for Package ShinyItemAnalysis

Last updated on 2019-11-26 00:52:12 CET.

Flavor Version Tinstall Tcheck Ttotal Status Flags
r-devel-linux-x86_64-debian-clang 1.3.1 17.34 116.46 133.80 OK
r-devel-linux-x86_64-debian-gcc 1.3.1 14.13 89.86 103.99 OK
r-devel-linux-x86_64-fedora-clang 1.3.1 145.71 NOTE
r-devel-linux-x86_64-fedora-gcc 1.3.1 143.47 NOTE
r-devel-windows-ix86+x86_64 1.3.1 49.00 183.00 232.00 OK
r-devel-windows-ix86+x86_64-gcc8 1.3.1 35.00 128.00 163.00 OK
r-patched-linux-x86_64 1.3.1 15.03 108.35 123.38 OK
r-patched-solaris-x86 1.3.1 225.60 NOTE
r-release-linux-x86_64 1.3.1 14.36 113.21 127.57 OK
r-release-windows-ix86+x86_64 1.3.1 59.00 157.00 216.00 OK
r-release-osx-x86_64 1.3.1 NOTE
r-oldrel-windows-ix86+x86_64 1.3.1 17.00 108.00 125.00 OK
r-oldrel-osx-x86_64 1.3.1 NOTE

Check Details

Version: 1.3.1
Check: dependencies in R code
Result: NOTE
    Namespaces in Imports field not imported from:
     ‘DT’ ‘VGAM’ ‘data.table’ ‘ggdendro’ ‘gridExtra’ ‘knitr’
     ‘latticeExtra’ ‘msm’ ‘plotly’ ‘shinyBS’ ‘shinydashboard’ ‘xtable’
     All declared Imports should be used.
Flavors: r-devel-linux-x86_64-fedora-clang, r-devel-linux-x86_64-fedora-gcc, r-patched-solaris-x86, r-release-osx-x86_64, r-oldrel-osx-x86_64