CRAN Package Check Results for Package SmoothWin

Last updated on 2019-11-26 00:52:12 CET.

Flavor Version Tinstall Tcheck Ttotal Status Flags
r-devel-linux-x86_64-debian-clang 3.0.0 3.12 36.76 39.88 OK
r-devel-linux-x86_64-debian-gcc 3.0.0 2.45 28.85 31.30 OK
r-devel-linux-x86_64-fedora-clang 3.0.0 47.99 NOTE
r-devel-linux-x86_64-fedora-gcc 3.0.0 44.36 NOTE
r-devel-windows-ix86+x86_64 3.0.0 12.00 46.00 58.00 OK
r-devel-windows-ix86+x86_64-gcc8 3.0.0 7.00 49.00 56.00 OK
r-patched-linux-x86_64 3.0.0 2.96 34.96 37.92 OK
r-patched-solaris-x86 3.0.0 65.50 NOTE
r-release-linux-x86_64 3.0.0 2.71 35.47 38.18 OK
r-release-windows-ix86+x86_64 3.0.0 7.00 46.00 53.00 OK
r-release-osx-x86_64 3.0.0 NOTE
r-oldrel-windows-ix86+x86_64 3.0.0 3.00 49.00 52.00 OK
r-oldrel-osx-x86_64 3.0.0 NOTE

Check Details

Version: 3.0.0
Check: dependencies in R code
Result: NOTE
    Namespace in Imports field not imported from: ‘nlme’
     All declared Imports should be used.
Flavors: r-devel-linux-x86_64-fedora-clang, r-devel-linux-x86_64-fedora-gcc, r-patched-solaris-x86, r-release-osx-x86_64, r-oldrel-osx-x86_64