Last updated on 2019-11-26 00:52:13 CET.
Flavor | Version | Tinstall | Tcheck | Ttotal | Status | Flags |
---|---|---|---|---|---|---|
r-devel-linux-x86_64-debian-clang | 0.8.2 | 3.08 | 51.40 | 54.48 | NOTE | |
r-devel-linux-x86_64-debian-gcc | 0.8.2 | 2.29 | 37.00 | 39.29 | NOTE | |
r-devel-linux-x86_64-fedora-clang | 0.8.2 | 60.77 | NOTE | |||
r-devel-linux-x86_64-fedora-gcc | 0.8.2 | 59.61 | NOTE | |||
r-devel-windows-ix86+x86_64 | 0.8.2 | 8.00 | 82.00 | 90.00 | NOTE | |
r-devel-windows-ix86+x86_64-gcc8 | 0.8.2 | 8.00 | 62.00 | 70.00 | NOTE | |
r-patched-linux-x86_64 | 0.8.2 | 2.62 | 47.39 | 50.01 | NOTE | |
r-patched-solaris-x86 | 0.8.2 | 79.00 | NOTE | |||
r-release-linux-x86_64 | 0.8.2 | 2.43 | 48.00 | 50.43 | NOTE | |
r-release-windows-ix86+x86_64 | 0.8.2 | 7.00 | 58.00 | 65.00 | NOTE | |
r-release-osx-x86_64 | 0.8.2 | NOTE | ||||
r-oldrel-windows-ix86+x86_64 | 0.8.2 | 3.00 | 91.00 | 94.00 | NOTE | |
r-oldrel-osx-x86_64 | 0.8.2 | NOTE |
Version: 0.8.2
Check: DESCRIPTION meta-information
Result: NOTE
Malformed Description field: should contain one or more complete sentences.
Flavors: r-devel-linux-x86_64-debian-clang, r-devel-linux-x86_64-debian-gcc, r-devel-linux-x86_64-fedora-clang, r-devel-linux-x86_64-fedora-gcc, r-devel-windows-ix86+x86_64, r-devel-windows-ix86+x86_64-gcc8, r-patched-linux-x86_64, r-patched-solaris-x86, r-release-linux-x86_64, r-release-windows-ix86+x86_64, r-release-osx-x86_64, r-oldrel-windows-ix86+x86_64, r-oldrel-osx-x86_64