CRAN Package Check Results for Package SubpathwayGMir

Last updated on 2019-11-26 00:52:14 CET.

Flavor Version Tinstall Tcheck Ttotal Status Flags
r-devel-linux-x86_64-debian-clang 1.0 8.83 115.78 124.61 NOTE
r-devel-linux-x86_64-debian-gcc 1.0 7.77 108.24 116.01 NOTE
r-devel-linux-x86_64-fedora-clang 1.0 171.10 NOTE
r-devel-linux-x86_64-fedora-gcc 1.0 167.14 NOTE
r-devel-windows-ix86+x86_64 1.0 21.00 194.00 215.00 NOTE
r-devel-windows-ix86+x86_64-gcc8 1.0 16.00 151.00 167.00 NOTE
r-patched-linux-x86_64 1.0 7.85 128.69 136.54 NOTE
r-patched-solaris-x86 1.0 296.00 NOTE
r-release-linux-x86_64 1.0 9.37 131.73 141.10 NOTE
r-release-windows-ix86+x86_64 1.0 16.00 155.00 171.00 NOTE
r-release-osx-x86_64 1.0 NOTE
r-oldrel-windows-ix86+x86_64 1.0 11.00 204.00 215.00 NOTE
r-oldrel-osx-x86_64 1.0 NOTE

Check Details

Version: 1.0
Check: R code for possible problems
Result: NOTE
    identifyGraph: no visible global function definition for 'phyper'
    mytriangle: no visible global function definition for 'symbols'
    plotGraph: no visible global function definition for 'par'
    plotGraph: no visible global function definition for 'plot'
    updateOrgEnvir: no visible global function definition for 'read.table'
    Undefined global functions or variables:
     par phyper plot read.table symbols
    Consider adding
     importFrom("graphics", "par", "plot", "symbols")
     importFrom("stats", "phyper")
     importFrom("utils", "read.table")
    to your NAMESPACE file.
Flavors: r-devel-linux-x86_64-debian-clang, r-devel-linux-x86_64-debian-gcc, r-devel-linux-x86_64-fedora-clang, r-devel-linux-x86_64-fedora-gcc, r-devel-windows-ix86+x86_64, r-devel-windows-ix86+x86_64-gcc8, r-patched-linux-x86_64, r-patched-solaris-x86, r-release-linux-x86_64, r-release-windows-ix86+x86_64, r-release-osx-x86_64, r-oldrel-windows-ix86+x86_64, r-oldrel-osx-x86_64