Last updated on 2019-11-26 00:52:15 CET.
Flavor | Version | Tinstall | Tcheck | Ttotal | Status | Flags |
---|---|---|---|---|---|---|
r-devel-linux-x86_64-debian-clang | 1.13.2 | 19.55 | 124.21 | 143.76 | NOTE | |
r-devel-linux-x86_64-debian-gcc | 1.13.2 | 17.20 | 93.36 | 110.56 | NOTE | |
r-devel-linux-x86_64-fedora-clang | 1.13.2 | 156.44 | NOTE | |||
r-devel-linux-x86_64-fedora-gcc | 1.13.2 | 157.01 | NOTE | |||
r-devel-windows-ix86+x86_64 | 1.13.2 | 43.00 | 226.00 | 269.00 | OK | |
r-devel-windows-ix86+x86_64-gcc8 | 1.13.2 | 30.00 | 179.00 | 209.00 | OK | |
r-patched-linux-x86_64 | 1.13.2 | 16.20 | 118.89 | 135.09 | OK | |
r-patched-solaris-x86 | 1.13.2 | 206.30 | OK | |||
r-release-linux-x86_64 | 1.13.2 | 17.89 | 121.23 | 139.12 | OK | |
r-release-windows-ix86+x86_64 | 1.13.2 | 39.00 | 231.00 | 270.00 | OK | |
r-release-osx-x86_64 | 1.13.2 | OK | ||||
r-oldrel-windows-ix86+x86_64 | 1.13.2 | 20.00 | 159.00 | 179.00 | OK | |
r-oldrel-osx-x86_64 | 1.13.2 | OK |
Version: 1.13.2
Check: for non-standard things in the check directory
Result: NOTE
Found the following files/directories:
'_paramEst.txt'
Flavors: r-devel-linux-x86_64-debian-clang, r-devel-linux-x86_64-debian-gcc, r-devel-linux-x86_64-fedora-clang, r-devel-linux-x86_64-fedora-gcc