Last updated on 2019-11-26 00:52:15 CET.
Flavor | Version | Tinstall | Tcheck | Ttotal | Status | Flags |
---|---|---|---|---|---|---|
r-devel-linux-x86_64-debian-clang | 1.2.3 | 3.17 | 34.46 | 37.63 | OK | |
r-devel-linux-x86_64-debian-gcc | 1.2.3 | 2.55 | 28.08 | 30.63 | OK | |
r-devel-linux-x86_64-fedora-clang | 1.2.3 | 44.12 | NOTE | |||
r-devel-linux-x86_64-fedora-gcc | 1.2.3 | 43.66 | NOTE | |||
r-devel-windows-ix86+x86_64 | 1.2.3 | 18.00 | 63.00 | 81.00 | OK | |
r-devel-windows-ix86+x86_64-gcc8 | 1.2.3 | 13.00 | 46.00 | 59.00 | OK | |
r-patched-linux-x86_64 | 1.2.3 | 2.25 | 32.83 | 35.08 | OK | |
r-patched-solaris-x86 | 1.2.3 | 61.40 | NOTE | |||
r-release-linux-x86_64 | 1.2.3 | 2.54 | 33.31 | 35.85 | OK | |
r-release-windows-ix86+x86_64 | 1.2.3 | 12.00 | 72.00 | 84.00 | OK | |
r-release-osx-x86_64 | 1.2.3 | NOTE | ||||
r-oldrel-windows-ix86+x86_64 | 1.2.3 | 4.00 | 68.00 | 72.00 | OK | |
r-oldrel-osx-x86_64 | 1.2.3 | NOTE |
Version: 1.2.3
Check: dependencies in R code
Result: NOTE
Namespace in Imports field not imported from: ‘devtools’
All declared Imports should be used.
Flavors: r-devel-linux-x86_64-fedora-clang, r-devel-linux-x86_64-fedora-gcc, r-patched-solaris-x86, r-release-osx-x86_64, r-oldrel-osx-x86_64