CRAN Package Check Results for Package WGCNA

Last updated on 2019-11-26 00:52:17 CET.

Flavor Version Tinstall Tcheck Ttotal Status Flags
r-devel-linux-x86_64-debian-clang 1.68 69.01 327.56 396.57 NOTE
r-devel-linux-x86_64-debian-gcc 1.68 54.18 248.97 303.15 NOTE
r-devel-linux-x86_64-fedora-clang 1.68 470.03 NOTE
r-devel-linux-x86_64-fedora-gcc 1.68 477.02 NOTE
r-devel-windows-ix86+x86_64 1.68 142.00 542.00 684.00 OK
r-devel-windows-ix86+x86_64-gcc8 1.68 119.00 398.00 517.00 NOTE
r-patched-linux-x86_64 1.68 61.66 316.15 377.81 OK
r-patched-solaris-x86 1.68 572.10 OK
r-release-linux-x86_64 1.68 56.97 315.43 372.40 OK
r-release-windows-ix86+x86_64 1.68 133.00 400.00 533.00 OK
r-release-osx-x86_64 1.68 ERROR
r-oldrel-windows-ix86+x86_64 1.68 65.00 503.00 568.00 OK
r-oldrel-osx-x86_64 1.68 NOTE

Check Details

Version: 1.68
Check: for non-standard things in the check directory
Result: NOTE
    Found the following files/directories:
     'TESTLIST1.txt' 'TESTLIST2.txt'
     'kME_correlations_between_A_and_B_inMod.pdf' 'testEnrichment.csv'
Flavors: r-devel-linux-x86_64-debian-clang, r-devel-linux-x86_64-debian-gcc, r-devel-linux-x86_64-fedora-clang, r-devel-linux-x86_64-fedora-gcc

Version: 1.68
Check: installed package size
Result: NOTE
     installed size is 5.1Mb
     sub-directories of 1Mb or more:
     R 1.2Mb
     libs 2.2Mb
Flavor: r-devel-windows-ix86+x86_64-gcc8

Version: 1.68
Check: package dependencies
Result: ERROR
    Package required but not available: ‘GO.db’
    
    Packages suggested but not available for checking:
     'org.Hs.eg.db', 'org.Mm.eg.db'
    
    See section ‘The DESCRIPTION file’ in the ‘Writing R Extensions’
    manual.
Flavor: r-release-osx-x86_64

Version: 1.68
Check: package dependencies
Result: NOTE
    Package suggested but not available for checking: ‘org.Mm.eg.db’
Flavor: r-oldrel-osx-x86_64