Last updated on 2019-11-26 00:51:43 CET.
Flavor | Version | Tinstall | Tcheck | Ttotal | Status | Flags |
---|---|---|---|---|---|---|
r-devel-linux-x86_64-debian-clang | 2.0.0 | 7.89 | 49.50 | 57.39 | NOTE | |
r-devel-linux-x86_64-debian-gcc | 2.0.0 | 8.04 | 38.19 | 46.23 | NOTE | |
r-devel-linux-x86_64-fedora-clang | 2.0.0 | 67.68 | NOTE | |||
r-devel-linux-x86_64-fedora-gcc | 2.0.0 | 65.89 | NOTE | |||
r-devel-windows-ix86+x86_64 | 2.0.0 | 25.00 | 93.00 | 118.00 | NOTE | |
r-devel-windows-ix86+x86_64-gcc8 | 2.0.0 | 19.00 | 67.00 | 86.00 | NOTE | |
r-patched-linux-x86_64 | 2.0.0 | 8.73 | 47.60 | 56.33 | NOTE | |
r-patched-solaris-x86 | 2.0.0 | 88.10 | NOTE | |||
r-release-linux-x86_64 | 2.0.0 | 8.60 | 48.49 | 57.09 | NOTE | |
r-release-windows-ix86+x86_64 | 2.0.0 | 24.00 | 93.00 | 117.00 | NOTE | |
r-release-osx-x86_64 | 2.0.0 | NOTE | ||||
r-oldrel-windows-ix86+x86_64 | 2.0.0 | 11.00 | 97.00 | 108.00 | NOTE | |
r-oldrel-osx-x86_64 | 2.0.0 | NOTE |
Version: 2.0.0
Check: dependencies in R code
Result: NOTE
Missing or unexported object: 'devtools::clean_source'
Flavors: r-devel-linux-x86_64-debian-clang, r-devel-linux-x86_64-debian-gcc, r-devel-windows-ix86+x86_64, r-devel-windows-ix86+x86_64-gcc8, r-patched-linux-x86_64, r-release-linux-x86_64, r-release-windows-ix86+x86_64, r-oldrel-windows-ix86+x86_64
Version: 2.0.0
Check: dependencies in R code
Result: NOTE
Namespaces in Imports field not imported from:
‘plotly’ ‘shinydashboard’
All declared Imports should be used.
Missing or unexported object: ‘devtools::clean_source’
Flavors: r-devel-linux-x86_64-fedora-clang, r-devel-linux-x86_64-fedora-gcc, r-patched-solaris-x86, r-release-osx-x86_64
Version: 2.0.0
Check: dependencies in R code
Result: NOTE
Namespaces in Imports field not imported from:
‘plotly’ ‘shinydashboard’
All declared Imports should be used.
Flavor: r-oldrel-osx-x86_64