CRAN Package Check Results for Package analysisPipelines

Last updated on 2019-11-26 00:51:43 CET.

Flavor Version Tinstall Tcheck Ttotal Status Flags
r-devel-linux-x86_64-debian-clang 1.0.0 10.18 88.21 98.39 OK
r-devel-linux-x86_64-debian-gcc 1.0.0 9.39 69.32 78.71 OK
r-devel-linux-x86_64-fedora-clang 1.0.0 118.99 NOTE
r-devel-linux-x86_64-fedora-gcc 1.0.0 113.86 NOTE
r-devel-windows-ix86+x86_64 1.0.0 35.00 128.00 163.00 OK
r-devel-windows-ix86+x86_64-gcc8 1.0.0 24.00 99.00 123.00 OK
r-patched-linux-x86_64 1.0.0 9.54 84.48 94.02 OK
r-patched-solaris-x86 1.0.0 137.10 NOTE
r-release-linux-x86_64 1.0.0 10.12 85.98 96.10 OK
r-release-windows-ix86+x86_64 1.0.0 26.00 129.00 155.00 OK
r-release-osx-x86_64 1.0.0 NOTE
r-oldrel-windows-ix86+x86_64 1.0.0 35.00 80.00 115.00 OK
r-oldrel-osx-x86_64 1.0.0 NOTE

Check Details

Version: 1.0.0
Check: dependencies in R code
Result: NOTE
    Namespace in Imports field not imported from: ‘devtools’
     All declared Imports should be used.
Flavors: r-devel-linux-x86_64-fedora-clang, r-devel-linux-x86_64-fedora-gcc, r-patched-solaris-x86, r-release-osx-x86_64, r-oldrel-osx-x86_64