Last updated on 2019-11-26 00:51:43 CET.
Flavor | Version | Tinstall | Tcheck | Ttotal | Status | Flags |
---|---|---|---|---|---|---|
r-devel-linux-x86_64-debian-clang | 2019.7.3 | 21.86 | 303.72 | 325.58 | OK | |
r-devel-linux-x86_64-debian-gcc | 2019.7.3 | 18.35 | 225.88 | 244.23 | OK | |
r-devel-linux-x86_64-fedora-clang | 2019.7.3 | 362.77 | NOTE | |||
r-devel-linux-x86_64-fedora-gcc | 2019.7.3 | 348.88 | NOTE | |||
r-devel-windows-ix86+x86_64 | 2019.7.3 | 41.00 | 412.00 | 453.00 | OK | |
r-devel-windows-ix86+x86_64-gcc8 | 2019.7.3 | 32.00 | 317.00 | 349.00 | OK | |
r-patched-linux-x86_64 | 2019.7.3 | 21.91 | 287.96 | 309.87 | OK | |
r-patched-solaris-x86 | 2019.7.3 | 491.30 | NOTE | |||
r-release-linux-x86_64 | 2019.7.3 | 21.14 | 290.56 | 311.70 | OK | |
r-release-windows-ix86+x86_64 | 2019.7.3 | 43.00 | 327.00 | 370.00 | OK | |
r-release-osx-x86_64 | 2019.7.3 | NOTE | ||||
r-oldrel-windows-ix86+x86_64 | 2019.7.3 | 21.00 | 310.00 | 331.00 | OK | |
r-oldrel-osx-x86_64 | 2019.7.3 | NOTE |
Version: 2019.7.3
Check: dependencies in R code
Result: NOTE
Namespaces in Imports field not imported from:
‘lazyeval’ ‘tibble’
All declared Imports should be used.
Flavors: r-devel-linux-x86_64-fedora-clang, r-devel-linux-x86_64-fedora-gcc, r-patched-solaris-x86, r-release-osx-x86_64, r-oldrel-osx-x86_64
Version: 2019.7.3
Check: installed package size
Result: NOTE
installed size is 5.3Mb
sub-directories of 1Mb or more:
R 1.0Mb
data 2.9Mb
Flavor: r-patched-solaris-x86