CRAN Package Check Results for Package anytime

Last updated on 2019-11-26 00:51:43 CET.

Flavor Version Tinstall Tcheck Ttotal Status Flags
r-devel-linux-x86_64-debian-clang 0.3.6 34.33 27.83 62.16 OK
r-devel-linux-x86_64-debian-gcc 0.3.6 24.02 23.00 47.02 OK
r-devel-linux-x86_64-fedora-clang 0.3.6 85.57 ERROR
r-devel-linux-x86_64-fedora-gcc 0.3.6 78.31 ERROR
r-devel-windows-ix86+x86_64 0.3.6 79.00 88.00 167.00 OK
r-devel-windows-ix86+x86_64-gcc8 0.3.6 85.00 72.00 157.00 OK
r-patched-linux-x86_64 0.3.6 25.74 27.27 53.01 OK
r-patched-solaris-x86 0.3.6 94.30 OK
r-release-linux-x86_64 0.3.6 25.97 27.55 53.52 OK
r-release-windows-ix86+x86_64 0.3.6 83.00 72.00 155.00 OK
r-release-osx-x86_64 0.3.6 OK
r-oldrel-windows-ix86+x86_64 0.3.6 54.00 97.00 151.00 OK
r-oldrel-osx-x86_64 0.3.6 OK

Check Details

Version: 0.3.6
Check: top-level files
Result: NOTE
     possible bashism in cleanup line 5 (brace expansion):
     rm -rf vignettes/rmd/auto/ vignettes/rmd/*.{log,aux,out,tex,blg,bbl,xwm} \
     vignettes/rmd/pinp.cls vignettes/rmd/jss.bst
Flavors: r-devel-linux-x86_64-fedora-clang, r-devel-linux-x86_64-fedora-gcc

Version: 0.3.6
Check: tests
Result: ERROR
     Running ‘tinytest.R’
    Running the tests in ‘tests/tinytest.R’ failed.
    Complete output:
     >
     > if (requireNamespace("tinytest", quietly=TRUE) &&
     + utils::packageVersion("tinytest") >= "1.0.0") {
     +
     + ## Set a seed to make the test deterministic
     + set.seed(42)
     +
     + ## there are several more granular ways to test files in a tinytest directory,
     + ## see its package vignette; tests can also run once the package is installed
     + ## using the same command `test_package(pkgName)`, or by director or file
     + tinytest::test_package("anytime", ncpu=getOption("Ncpus", 1), side_effects=TRUE)
     + }
     starting worker pid=7562 on localhost:11539 at 13:41:42.195
    
     Exited 'test_all_formats.R' at line 24. Skipping Solaris or Windows or Release
     Running test_all_formats.R............ 0 tests
    
     Running test_assertions.R............. 2 tests <1b>[0;32mOK<1b>[0m <1b>[0;93m1 side-effects<1b>[0m
    
     Exited 'test_bulk.R' at line 27. Skipping Solaris or Windows or Stupid
     Running test_bulk.R................... 0 tests <1b>[0;93m1 side-effects<1b>[0m
    
     Running test_gh_issue_100.R........... 2 tests <1b>[0;32mOK<1b>[0m <1b>[0;93m1 side-effects<1b>[0m
    
     Running test_gh_issue_12.R............ 2 tests <1b>[0;32mOK<1b>[0m
    
     Running test_gh_issue_33.R............ 2 tests <1b>[0;32mOK<1b>[0m
    
     Running test_gh_issue_56.R............ 7 tests <1b>[0;32mOK<1b>[0m
    
     Running test_simple.R................. 34 tests <1b>[0;31m10 fails<1b>[0m <1b>[0;93m1 side-effects<1b>[0m
    
     Running test_utilities.R.............. 2 tests <1b>[0;32mOK<1b>[0m <1b>[0;93m1 side-effects<1b>[0m
     Error: ----- FAILED[data]: test_simple.R<28--28>
     call| if (!isWindows) expect_equivalent(refT, anytime(20160101L + 0:2,
     call| oldHeuristic = TRUE))
     diff| Mean absolute difference: 3600
     ----- FAILED[data]: test_simple.R<32--32>
     call| if (!isWindows) expect_equivalent(refT, anytime(20160101 + 0:2,
     call| oldHeuristic = TRUE))
     diff| Mean absolute difference: 3600
     ----- FAILED[data]: test_simple.R<36--36>
     call| if (!isWindows) expect_equivalent(refT, anytime(as.factor(20160101 +
     call| 0:2)))
     diff| Mean absolute difference: 3600
     ----- FAILED[data]: test_simple.R<40--40>
     call| if (!isWindows) expect_equivalent(refT, anytime(as.ordered(20160101 +
     call| 0:2)))
     diff| Mean absolute difference: 3600
     ----- FAILED[data]: test_simple.R<44--44>
     call| if (!isWindows) expect_equivalent(refT, anytime(as.character(20160101 +
     call| 0:2)))
     diff| Mean absolute difference: 3600
     ----- FAILED[data]: test_simple.R<48--48>
     call| if (!isWindows) expect_equivalent(refT, anytime(c("20160101",
     Execution halted
Flavor: r-devel-linux-x86_64-fedora-clang

Version: 0.3.6
Check: tests
Result: ERROR
     Running ‘tinytest.R’
    Running the tests in ‘tests/tinytest.R’ failed.
    Complete output:
     >
     > if (requireNamespace("tinytest", quietly=TRUE) &&
     + utils::packageVersion("tinytest") >= "1.0.0") {
     +
     + ## Set a seed to make the test deterministic
     + set.seed(42)
     +
     + ## there are several more granular ways to test files in a tinytest directory,
     + ## see its package vignette; tests can also run once the package is installed
     + ## using the same command `test_package(pkgName)`, or by director or file
     + tinytest::test_package("anytime", ncpu=getOption("Ncpus", 1), side_effects=TRUE)
     + }
     starting worker pid=35342 on localhost:11119 at 16:24:14.279
    
     Exited 'test_all_formats.R' at line 24. Skipping Solaris or Windows or Release
     Running test_all_formats.R............ 0 tests
    
     Running test_assertions.R............. 2 tests <1b>[0;32mOK<1b>[0m <1b>[0;93m1 side-effects<1b>[0m
    
     Exited 'test_bulk.R' at line 27. Skipping Solaris or Windows or Stupid
     Running test_bulk.R................... 0 tests <1b>[0;93m1 side-effects<1b>[0m
    
     Running test_gh_issue_100.R........... 2 tests <1b>[0;32mOK<1b>[0m <1b>[0;93m1 side-effects<1b>[0m
    
     Running test_gh_issue_12.R............ 2 tests <1b>[0;32mOK<1b>[0m
    
     Running test_gh_issue_33.R............ 2 tests <1b>[0;32mOK<1b>[0m
    
     Running test_gh_issue_56.R............ 7 tests <1b>[0;32mOK<1b>[0m
    
     Running test_simple.R................. 34 tests <1b>[0;31m10 fails<1b>[0m <1b>[0;93m1 side-effects<1b>[0m
    
     Running test_utilities.R.............. 2 tests <1b>[0;32mOK<1b>[0m <1b>[0;93m1 side-effects<1b>[0m
     Error: ----- FAILED[data]: test_simple.R<28--28>
     call| if (!isWindows) expect_equivalent(refT, anytime(20160101L + 0:2,
     call| oldHeuristic = TRUE))
     diff| Mean absolute difference: 3600
     ----- FAILED[data]: test_simple.R<32--32>
     call| if (!isWindows) expect_equivalent(refT, anytime(20160101 + 0:2,
     call| oldHeuristic = TRUE))
     diff| Mean absolute difference: 3600
     ----- FAILED[data]: test_simple.R<36--36>
     call| if (!isWindows) expect_equivalent(refT, anytime(as.factor(20160101 +
     call| 0:2)))
     diff| Mean absolute difference: 3600
     ----- FAILED[data]: test_simple.R<40--40>
     call| if (!isWindows) expect_equivalent(refT, anytime(as.ordered(20160101 +
     call| 0:2)))
     diff| Mean absolute difference: 3600
     ----- FAILED[data]: test_simple.R<44--44>
     call| if (!isWindows) expect_equivalent(refT, anytime(as.character(20160101 +
     call| 0:2)))
     diff| Mean absolute difference: 3600
     ----- FAILED[data]: test_simple.R<48--48>
     call| if (!isWindows) expect_equivalent(refT, anytime(c("20160101",
     Execution halted
Flavor: r-devel-linux-x86_64-fedora-gcc