CRAN Package Check Results for Package apcluster

Last updated on 2019-11-26 00:51:43 CET.

Flavor Version Tinstall Tcheck Ttotal Status Flags
r-devel-linux-x86_64-debian-clang 1.4.8 74.16 116.70 190.86 OK
r-devel-linux-x86_64-debian-gcc 1.4.8 49.58 89.58 139.16 OK
r-devel-linux-x86_64-fedora-clang 1.4.8 233.00 OK
r-devel-linux-x86_64-fedora-gcc 1.4.8 223.22 OK
r-devel-windows-ix86+x86_64 1.4.8 165.00 201.00 366.00 OK
r-devel-windows-ix86+x86_64-gcc8 1.4.8 166.00 159.00 325.00 OK
r-patched-linux-x86_64 1.4.8 54.76 111.58 166.34 OK
r-patched-solaris-x86 1.4.8 242.40 WARN
r-release-linux-x86_64 1.4.8 51.93 111.85 163.78 OK
r-release-windows-ix86+x86_64 1.4.8 146.00 155.00 301.00 OK
r-release-osx-x86_64 1.4.8 WARN
r-oldrel-windows-ix86+x86_64 1.4.8 98.00 150.00 248.00 OK
r-oldrel-osx-x86_64 1.4.8 WARN

Check Details

Version: 1.4.8
Check: package dependencies
Result: NOTE
    Package suggested but not available for checking: ‘kebabs’
Flavors: r-patched-solaris-x86, r-oldrel-osx-x86_64

Version: 1.4.8
Check: re-building of vignette outputs
Result: WARN
    Error(s) in re-building vignettes:
     ...
    --- re-building ‘apcluster.Rnw’ using knitr
    
    Attaching package: 'apcluster'
    
    The following object is masked from 'package:stats':
    
     heatmap
    
    Quitting from lines 387-408 (apcluster.Rnw)
    Error: processing vignette 'apcluster.Rnw' failed with diagnostics:
    object 'apres2c' not found
    --- failed re-building ‘apcluster.Rnw’
    
    SUMMARY: processing the following file failed:
     ‘apcluster.Rnw’
    
    Error: Vignette re-building failed.
    Execution halted
Flavors: r-patched-solaris-x86, r-release-osx-x86_64

Version: 1.4.8
Check: package dependencies
Result: NOTE
    Packages suggested but not available for checking: 'Biostrings', 'kebabs'
Flavor: r-release-osx-x86_64

Version: 1.4.8
Check: re-building of vignette outputs
Result: WARN
    Error in re-building vignettes:
     ...
    
    Attaching package: 'apcluster'
    
    The following object is masked from 'package:stats':
    
     heatmap
    
    Quitting from lines 387-408 (apcluster.Rnw)
    Error: processing vignette 'apcluster.Rnw' failed with diagnostics:
    object 'apres2c' not found
    Execution halted
Flavor: r-oldrel-osx-x86_64