Last updated on 2019-11-26 00:51:44 CET.
Flavor | Version | Tinstall | Tcheck | Ttotal | Status | Flags |
---|---|---|---|---|---|---|
r-devel-linux-x86_64-debian-clang | 2.5 | 13.58 | 113.83 | 127.41 | OK | |
r-devel-linux-x86_64-debian-gcc | 2.5 | 11.78 | 89.07 | 100.85 | OK | |
r-devel-linux-x86_64-fedora-clang | 2.5 | 146.93 | OK | |||
r-devel-linux-x86_64-fedora-gcc | 2.5 | 141.68 | OK | |||
r-devel-windows-ix86+x86_64 | 2.5 | 45.00 | 184.00 | 229.00 | OK | |
r-devel-windows-ix86+x86_64-gcc8 | 2.5 | 30.00 | 124.00 | 154.00 | OK | |
r-patched-linux-x86_64 | 2.5 | 11.80 | 106.19 | 117.99 | OK | |
r-patched-solaris-x86 | 2.5 | 221.40 | OK | |||
r-release-linux-x86_64 | 2.5 | 11.15 | 108.13 | 119.28 | OK | |
r-release-windows-ix86+x86_64 | 2.5 | 44.00 | 175.00 | 219.00 | OK | |
r-release-osx-x86_64 | 2.5 | NOTE | ||||
r-oldrel-windows-ix86+x86_64 | 2.5 | 15.00 | 112.00 | 127.00 | OK | |
r-oldrel-osx-x86_64 | 2.5 | NOTE |
Version: 2.5
Check: package dependencies
Result: NOTE
Packages suggested but not available for checking:
'RGtk2', 'gWidgetsRGtk2', 'cairoDevice'
Flavor: r-release-osx-x86_64
Version: 2.5
Check: package dependencies
Result: NOTE
Packages suggested but not available for checking:
‘RGtk2’ ‘gWidgetsRGtk2’ ‘cairoDevice’
Flavor: r-oldrel-osx-x86_64