Last updated on 2019-11-26 00:51:44 CET.
Flavor | Version | Tinstall | Tcheck | Ttotal | Status | Flags |
---|---|---|---|---|---|---|
r-devel-linux-x86_64-debian-clang | 3.2.0 | 55.40 | 274.76 | 330.16 | WARN | |
r-devel-linux-x86_64-debian-gcc | 3.2.0 | 49.18 | 210.79 | 259.97 | WARN | |
r-devel-linux-x86_64-fedora-clang | 3.2.0 | 410.20 | WARN | |||
r-devel-linux-x86_64-fedora-gcc | 3.2.0 | 414.66 | WARN | |||
r-devel-windows-ix86+x86_64 | 3.2.0 | 113.00 | 329.00 | 442.00 | NOTE | |
r-devel-windows-ix86+x86_64-gcc8 | 3.2.0 | 79.00 | 234.00 | 313.00 | NOTE | |
r-patched-linux-x86_64 | 3.2.0 | 49.60 | 267.47 | 317.07 | OK | |
r-patched-solaris-x86 | 3.2.0 | 461.30 | NOTE | |||
r-release-linux-x86_64 | 3.2.0 | 52.61 | 269.04 | 321.65 | OK | |
r-release-windows-ix86+x86_64 | 3.2.0 | 98.00 | 247.00 | 345.00 | NOTE | |
r-release-osx-x86_64 | 3.2.0 | NOTE | ||||
r-oldrel-windows-ix86+x86_64 | 3.2.0 | 64.00 | 306.00 | 370.00 | NOTE | |
r-oldrel-osx-x86_64 | 3.2.0 | NOTE |
Version: 3.2.0
Check: package dependencies
Result: NOTE
Packages suggested but not available for checking:
'oligo', 'oligoClasses', 'pdInfoBuilder'
Flavor: r-devel-linux-x86_64-debian-clang
Version: 3.2.0
Check: Rd cross-references
Result: WARN
Unknown packages 'oligo', 'oligoClasses' in Rd xrefs
Flavor: r-devel-linux-x86_64-debian-clang
Version: 3.2.0
Check: package dependencies
Result: NOTE
Packages suggested but not available for checking: 'oligo', 'pdInfoBuilder'
Flavors: r-devel-linux-x86_64-debian-gcc, r-devel-linux-x86_64-fedora-clang, r-devel-linux-x86_64-fedora-gcc
Version: 3.2.0
Check: Rd cross-references
Result: WARN
Unknown package ‘oligo’ in Rd xrefs
Flavors: r-devel-linux-x86_64-debian-gcc, r-devel-linux-x86_64-fedora-clang, r-devel-linux-x86_64-fedora-gcc
Version: 3.2.0
Check: installed package size
Result: NOTE
installed size is 5.8Mb
sub-directories of 1Mb or more:
R 2.3Mb
help 1.1Mb
testScripts 1.3Mb
Flavors: r-devel-linux-x86_64-fedora-clang, r-devel-windows-ix86+x86_64, r-devel-windows-ix86+x86_64-gcc8, r-patched-solaris-x86, r-release-windows-ix86+x86_64, r-release-osx-x86_64, r-oldrel-windows-ix86+x86_64, r-oldrel-osx-x86_64
Version: 3.2.0
Check: package dependencies
Result: NOTE
Package suggested but not available for checking: ‘AffymetrixDataTestFiles’
Flavors: r-release-osx-x86_64, r-oldrel-osx-x86_64