Last updated on 2019-11-26 00:51:44 CET.
Flavor | Version | Tinstall | Tcheck | Ttotal | Status | Flags |
---|---|---|---|---|---|---|
r-devel-linux-x86_64-debian-clang | 1.6.1 | 11.60 | 77.62 | 89.22 | OK | |
r-devel-linux-x86_64-debian-gcc | 1.6.1 | 10.95 | 60.07 | 71.02 | OK | |
r-devel-linux-x86_64-fedora-clang | 1.6.1 | 110.34 | OK | |||
r-devel-linux-x86_64-fedora-gcc | 1.6.1 | 111.55 | OK | |||
r-devel-windows-ix86+x86_64 | 1.6.1 | 38.00 | 127.00 | 165.00 | OK | |
r-devel-windows-ix86+x86_64-gcc8 | 1.6.1 | 23.00 | 84.00 | 107.00 | OK | |
r-patched-linux-x86_64 | 1.6.1 | 10.18 | 75.88 | 86.06 | OK | |
r-patched-solaris-x86 | 1.6.1 | 137.00 | OK | |||
r-release-linux-x86_64 | 1.6.1 | 11.41 | 77.14 | 88.55 | OK | |
r-release-windows-ix86+x86_64 | 1.6.1 | 27.00 | 80.00 | 107.00 | OK | |
r-release-osx-x86_64 | 1.6.1 | NOTE | ||||
r-oldrel-windows-ix86+x86_64 | 1.6.1 | 15.00 | 99.00 | 114.00 | OK | |
r-oldrel-osx-x86_64 | 1.6.1 | NOTE |
Version: 1.6.1
Check: package dependencies
Result: NOTE
Package suggested but not available for checking: ‘GLAD’
Flavors: r-release-osx-x86_64, r-oldrel-osx-x86_64