CRAN Package Check Results for Package ashr

Last updated on 2019-11-26 00:51:44 CET.

Flavor Version Tinstall Tcheck Ttotal Status Flags
r-devel-linux-x86_64-debian-clang 2.2-39 28.98 142.85 171.83 OK
r-devel-linux-x86_64-debian-gcc 2.2-39 22.75 120.29 143.04 OK
r-devel-linux-x86_64-fedora-clang 2.2-39 202.15 OK
r-devel-linux-x86_64-fedora-gcc 2.2-39 195.13 OK
r-devel-windows-ix86+x86_64 2.2-39 73.00 448.00 521.00 OK
r-devel-windows-ix86+x86_64-gcc8 2.2-39 60.00 448.00 508.00 OK
r-patched-linux-x86_64 2.2-39 24.12 146.49 170.61 OK
r-patched-solaris-x86 2.2-39 633.20 NOTE
r-release-linux-x86_64 2.2-39 25.98 149.57 175.55 OK
r-release-windows-ix86+x86_64 2.2-39 62.00 377.00 439.00 NOTE
r-release-osx-x86_64 2.2-39 OK
r-oldrel-windows-ix86+x86_64 2.2-39 41.00 460.00 501.00 NOTE
r-oldrel-osx-x86_64 2.2-39 OK

Check Details

Version: 2.2-39
Check: package dependencies
Result: NOTE
    Package suggested but not available for checking: ‘REBayes’
Flavors: r-patched-solaris-x86, r-release-windows-ix86+x86_64, r-oldrel-windows-ix86+x86_64