CRAN Package Check Results for Package augmentedRCBD

Last updated on 2019-11-26 00:51:44 CET.

Flavor Version Tinstall Tcheck Ttotal Status Flags
r-devel-linux-x86_64-debian-clang 0.1.1 11.63 132.17 143.80 OK
r-devel-linux-x86_64-debian-gcc 0.1.1 9.60 101.69 111.29 OK
r-devel-linux-x86_64-fedora-clang 0.1.1 164.92 WARN
r-devel-linux-x86_64-fedora-gcc 0.1.1 156.52 WARN
r-devel-windows-ix86+x86_64 0.1.1 50.00 197.00 247.00 OK
r-devel-windows-ix86+x86_64-gcc8 0.1.1 28.00 137.00 165.00 OK
r-patched-linux-x86_64 0.1.1 9.99 128.22 138.21 OK
r-patched-solaris-x86 0.1.1 199.20 WARN
r-release-linux-x86_64 0.1.1 11.99 127.14 139.13 OK
r-release-windows-ix86+x86_64 0.1.1 31.00 186.00 217.00 OK
r-release-osx-x86_64 0.1.1 WARN
r-oldrel-windows-ix86+x86_64 0.1.1 15.00 244.00 259.00 OK
r-oldrel-osx-x86_64 0.1.1 WARN

Check Details

Version: 0.1.1
Check: re-building of vignette outputs
Result: WARN
    Error(s) in re-building vignettes:
    --- re-building ‘Data_Analysis_with_augmentedRCBD.Rmd’ using rmarkdown_notangle
    trying URL 'https://www.r-project.org/logo/Rlogo.png'
    Content type 'image/png' length 48148 bytes (47 KB)
    ==================================================
    downloaded 47 KB
    
    trying URL 'https://raw.githubusercontent.com/aravind-j/augmentedRCBD/master/vignettes/rbase.png'
    Content type 'image/png' length 57299 bytes (55 KB)
    ==================================================
    downloaded 55 KB
    
    trying URL 'https://github.com/aravind-j/augmentedRCBD/raw/master/vignettes/rstudio.png'
    Content type 'image/png' length 91730 bytes (89 KB)
    ==================================================
    downloaded 89 KB
    
    trying URL 'https://github.com/aravind-j/augmentedRCBD/raw/master/vignettes/rstudio%20panes.png'
    Content type 'image/png' length 86653 bytes (84 KB)
    ==================================================
    downloaded 84 KB
    
    ! LaTeX Error: Environment cslreferences undefined.
    
    Error: processing vignette 'Data_Analysis_with_augmentedRCBD.Rmd' failed with diagnostics:
    Failed to compile Data_Analysis_with_augmentedRCBD.tex. See https://yihui.name/tinytex/r/#debugging for debugging tips. See Data_Analysis_with_augmentedRCBD.log for more info.
    --- failed re-building ‘Data_Analysis_with_augmentedRCBD.Rmd’
    
    SUMMARY: processing the following file failed:
     ‘Data_Analysis_with_augmentedRCBD.Rmd’
    
    Error: Vignette re-building failed.
    Execution halted
Flavors: r-devel-linux-x86_64-fedora-clang, r-devel-linux-x86_64-fedora-gcc

Version: 0.1.1
Check: re-building of vignette outputs
Result: WARN
    Error(s) in re-building vignettes:
     ...
    --- re-building ‘Data_Analysis_with_augmentedRCBD.Rmd’ using rmarkdown_notangle
    Warning in engine$weave(file, quiet = quiet, encoding = enc) :
     Pandoc (>= 1.12.3) and/or pandoc-citeproc not available. Falling back to R Markdown v1.
    Quitting from lines 57-76 (Data_Analysis_with_augmentedRCBD.Rmd)
    Error: processing vignette 'Data_Analysis_with_augmentedRCBD.Rmd' failed with diagnostics:
    EXPR must be a length 1 vector
    --- failed re-building ‘Data_Analysis_with_augmentedRCBD.Rmd’
    
    SUMMARY: processing the following file failed:
     ‘Data_Analysis_with_augmentedRCBD.Rmd’
    
    Error: Vignette re-building failed.
    Execution halted
Flavors: r-patched-solaris-x86, r-release-osx-x86_64

Version: 0.1.1
Check: re-building of vignette outputs
Result: WARN
    Error in re-building vignettes:
     ...
    Warning in engine$weave(file, quiet = quiet, encoding = enc) :
     Pandoc (>= 1.12.3) and/or pandoc-citeproc not available. Falling back to R Markdown v1.
    Quitting from lines 57-76 (Data_Analysis_with_augmentedRCBD.Rmd)
    Error: processing vignette 'Data_Analysis_with_augmentedRCBD.Rmd' failed with diagnostics:
    EXPR must be a length 1 vector
    Execution halted
Flavor: r-oldrel-osx-x86_64