Last updated on 2019-11-26 00:51:44 CET.
Flavor | Version | Tinstall | Tcheck | Ttotal | Status | Flags |
---|---|---|---|---|---|---|
r-devel-linux-x86_64-debian-clang | 0.1.4.2 | 6.48 | 129.81 | 136.29 | OK | |
r-devel-linux-x86_64-debian-gcc | 0.1.4.2 | 5.65 | 93.88 | 99.53 | OK | |
r-devel-linux-x86_64-fedora-clang | 0.1.4.2 | 146.11 | OK | |||
r-devel-linux-x86_64-fedora-gcc | 0.1.4.2 | 142.64 | OK | |||
r-devel-windows-ix86+x86_64 | 0.1.4.2 | 35.00 | 257.00 | 292.00 | OK | |
r-devel-windows-ix86+x86_64-gcc8 | 0.1.4.2 | 20.00 | 204.00 | 224.00 | OK | |
r-patched-linux-x86_64 | 0.1.4.2 | 6.45 | 117.86 | 124.31 | OK | |
r-patched-solaris-x86 | 0.1.4.2 | 203.60 | OK | |||
r-release-linux-x86_64 | 0.1.4.2 | 6.31 | 117.50 | 123.81 | OK | |
r-release-windows-ix86+x86_64 | 0.1.4.2 | 23.00 | 259.00 | 282.00 | OK | |
r-release-osx-x86_64 | 0.1.4.2 | NOTE | ||||
r-oldrel-windows-ix86+x86_64 | 0.1.4.2 | 12.00 | 274.00 | 286.00 | WARN | |
r-oldrel-osx-x86_64 | 0.1.4.2 | OK |
Version: 0.1.4.2
Check: package dependencies
Result: NOTE
Package suggested but not available for checking: ‘pcalg’
Flavor: r-release-osx-x86_64
Version: 0.1.4.2
Check: Rd cross-references
Result: NOTE
Package unavailable to check Rd xrefs: ‘pcalg’
Flavor: r-release-osx-x86_64
Version: 0.1.4.2
Check: whether package can be installed
Result: WARN
Found the following significant warnings:
Warning: S3 methods '[.fun_list', '[.grouped_df', 'all.equal.tbl_df', 'anti_join.data.frame', 'anti_join.tbl_df', 'arrange.data.frame', 'arrange.default', 'arrange.grouped_df', 'arrange.tbl_df', 'arrange_.data.frame', 'arrange_.tbl_df', 'as.data.frame.grouped_df', 'as.data.frame.rowwise_df', 'as.data.frame.tbl_cube', 'as.table.tbl_cube', 'as.tbl.data.frame', 'as.tbl.tbl', 'as.tbl_cube.array', 'as.tbl_cube.data.frame', 'as.tbl_cube.matrix', 'as.tbl_cube.table', 'as_tibble.grouped_df', 'as_tibble.tbl_cube', 'auto_copy.tbl_cube', 'auto_copy.tbl_df', 'cbind.grouped_df', 'collapse.data.frame', 'collect.data.frame', 'common_by.NULL', 'common_by.character', 'common_by.default', 'common_by.list', 'compute.data.frame', 'copy_to.DBIConnection', 'copy_to.src_local', 'default_missing.data.frame', 'default_missing.default', 'dim.tbl_cube', 'distinct.data.frame', 'distinct.default', 'distinct.grouped_df', 'distinct.tbl_df', 'distinct_.data.frame', 'distinct_.grouped_df', 'distinct_.tbl_df', 'do.NULL', 'do.da [... truncated]
Flavor: r-oldrel-windows-ix86+x86_64