Last updated on 2019-11-26 00:51:44 CET.
Flavor | Version | Tinstall | Tcheck | Ttotal | Status | Flags |
---|---|---|---|---|---|---|
r-devel-linux-x86_64-debian-clang | 0.9.3 | 6.35 | 51.62 | 57.97 | OK | |
r-devel-linux-x86_64-debian-gcc | 0.9.3 | 5.04 | 39.21 | 44.25 | OK | |
r-devel-linux-x86_64-fedora-clang | 0.9.3 | 65.11 | NOTE | |||
r-devel-linux-x86_64-fedora-gcc | 0.9.3 | 63.22 | NOTE | |||
r-devel-windows-ix86+x86_64 | 0.9.3 | 27.00 | 93.00 | 120.00 | OK | |
r-devel-windows-ix86+x86_64-gcc8 | 0.9.3 | 12.00 | 60.00 | 72.00 | OK | |
r-patched-linux-x86_64 | 0.9.3 | 5.37 | 48.73 | 54.10 | OK | |
r-patched-solaris-x86 | 0.9.3 | 90.70 | NOTE | |||
r-release-linux-x86_64 | 0.9.3 | 5.15 | 48.95 | 54.10 | OK | |
r-release-windows-ix86+x86_64 | 0.9.3 | 18.00 | 61.00 | 79.00 | OK | |
r-release-osx-x86_64 | 0.9.3 | NOTE | ||||
r-oldrel-windows-ix86+x86_64 | 0.9.3 | 6.00 | 90.00 | 96.00 | OK | |
r-oldrel-osx-x86_64 | 0.9.3 | NOTE |
Version: 0.9.3
Check: dependencies in R code
Result: NOTE
Namespace in Imports field not imported from: ‘ranger’
All declared Imports should be used.
Flavors: r-devel-linux-x86_64-fedora-clang, r-devel-linux-x86_64-fedora-gcc, r-patched-solaris-x86, r-release-osx-x86_64, r-oldrel-osx-x86_64