CRAN Package Check Results for Package baytrends

Last updated on 2019-11-26 00:51:44 CET.

Flavor Version Tinstall Tcheck Ttotal Status Flags
r-devel-linux-x86_64-debian-clang 1.1.0 31.06 190.66 221.72 NOTE
r-devel-linux-x86_64-debian-gcc 1.1.0 24.72 144.79 169.51 NOTE
r-devel-linux-x86_64-fedora-clang 1.1.0 257.28 NOTE
r-devel-linux-x86_64-fedora-gcc 1.1.0 255.72 NOTE
r-devel-windows-ix86+x86_64 1.1.0 71.00 268.00 339.00 OK
r-devel-windows-ix86+x86_64-gcc8 1.1.0 50.00 201.00 251.00 OK
r-patched-linux-x86_64 1.1.0 31.81 183.66 215.47 OK
r-patched-solaris-x86 1.1.0 366.40 OK
r-release-linux-x86_64 1.1.0 30.25 185.62 215.87 OK
r-release-windows-ix86+x86_64 1.1.0 63.00 262.00 325.00 OK
r-release-osx-x86_64 1.1.0 OK
r-oldrel-windows-ix86+x86_64 1.1.0 28.00 172.00 200.00 OK
r-oldrel-osx-x86_64 1.1.0 OK

Check Details

Version: 1.1.0
Check: for non-standard things in the check directory
Result: NOTE
    Found the following files/directories:
     '_saveDF' 'dataCensored.test.rda' 'dataCensored_TEST.csv'
Flavors: r-devel-linux-x86_64-debian-clang, r-devel-linux-x86_64-debian-gcc, r-devel-linux-x86_64-fedora-clang, r-devel-linux-x86_64-fedora-gcc