Last updated on 2019-11-26 00:51:45 CET.
Flavor | Version | Tinstall | Tcheck | Ttotal | Status | Flags |
---|---|---|---|---|---|---|
r-devel-linux-x86_64-debian-clang | 0.1.7 | 13.33 | 103.46 | 116.79 | OK | |
r-devel-linux-x86_64-debian-gcc | 0.1.7 | 11.95 | 78.76 | 90.71 | OK | |
r-devel-linux-x86_64-fedora-clang | 0.1.7 | 111.82 | NOTE | |||
r-devel-linux-x86_64-fedora-gcc | 0.1.7 | 107.50 | NOTE | |||
r-devel-windows-ix86+x86_64 | 0.1.7 | 54.00 | 165.00 | 219.00 | OK | |
r-devel-windows-ix86+x86_64-gcc8 | 0.1.7 | 29.00 | 108.00 | 137.00 | OK | |
r-patched-linux-x86_64 | 0.1.7 | 12.17 | 98.13 | 110.30 | OK | |
r-patched-solaris-x86 | 0.1.7 | 170.70 | NOTE | |||
r-release-linux-x86_64 | 0.1.7 | 12.72 | 100.09 | 112.81 | OK | |
r-release-windows-ix86+x86_64 | 0.1.7 | 46.00 | 162.00 | 208.00 | OK | |
r-release-osx-x86_64 | 0.1.7 | NOTE | ||||
r-oldrel-windows-ix86+x86_64 | 0.1.7 | 13.00 | 160.00 | 173.00 | OK | |
r-oldrel-osx-x86_64 | 0.1.7 | NOTE |
Version: 0.1.7
Check: data for non-ASCII characters
Result: NOTE
Note: found 72 marked UTF-8 strings
Flavors: r-devel-linux-x86_64-fedora-clang, r-devel-linux-x86_64-fedora-gcc, r-patched-solaris-x86, r-release-osx-x86_64, r-oldrel-osx-x86_64