CRAN Package Check Results for Package bioacoustics

Last updated on 2019-11-26 00:51:45 CET.

Flavor Version Tinstall Tcheck Ttotal Status Flags
r-devel-linux-x86_64-debian-clang 0.2.2 135.80 49.97 185.77 OK
r-devel-linux-x86_64-debian-gcc 0.2.2 98.01 38.89 136.90 OK
r-devel-linux-x86_64-fedora-clang 0.2.2 254.70 NOTE
r-devel-linux-x86_64-fedora-gcc 0.2.2 239.22 NOTE
r-devel-windows-ix86+x86_64 0.2.2 280.00 130.00 410.00 NOTE
r-devel-windows-ix86+x86_64-gcc8 0.2.2 281.00 103.00 384.00 NOTE
r-patched-linux-x86_64 0.2.2 109.57 48.29 157.86 OK
r-patched-solaris-x86 0.2.2 243.70 NOTE
r-release-linux-x86_64 0.2.2 111.29 48.33 159.62 OK
r-release-windows-ix86+x86_64 0.2.2 266.00 97.00 363.00 NOTE
r-release-osx-x86_64 0.2.2 ERROR
r-oldrel-windows-ix86+x86_64 0.2.2 191.00 125.00 316.00 NOTE
r-oldrel-osx-x86_64 0.2.2 ERROR

Check Details

Version: 0.2.2
Check: installed package size
Result: NOTE
     installed size is 6.1Mb
     sub-directories of 1Mb or more:
     libs 4.5Mb
Flavors: r-devel-linux-x86_64-fedora-clang, r-devel-windows-ix86+x86_64, r-devel-windows-ix86+x86_64-gcc8, r-patched-solaris-x86, r-release-windows-ix86+x86_64, r-oldrel-windows-ix86+x86_64

Version: 0.2.2
Check: for GNU extensions in Makefiles
Result: NOTE
    GNU make is a SystemRequirements.
Flavors: r-devel-linux-x86_64-fedora-clang, r-devel-linux-x86_64-fedora-gcc

Version: 0.2.2
Check: whether package can be installed
Result: ERROR
    Installation failed.
Flavors: r-release-osx-x86_64, r-oldrel-osx-x86_64