Last updated on 2019-11-26 00:51:46 CET.
Flavor | Version | Tinstall | Tcheck | Ttotal | Status | Flags |
---|---|---|---|---|---|---|
r-devel-linux-x86_64-debian-clang | 2.7.3 | 23.47 | 142.60 | 166.07 | OK | |
r-devel-linux-x86_64-debian-gcc | 2.7.3 | 18.83 | 107.78 | 126.61 | OK | |
r-devel-linux-x86_64-fedora-clang | 2.7.3 | 181.70 | OK | |||
r-devel-linux-x86_64-fedora-gcc | 2.7.3 | 183.35 | OK | |||
r-devel-windows-ix86+x86_64 | 2.7.3 | 54.00 | 191.00 | 245.00 | OK | |
r-devel-windows-ix86+x86_64-gcc8 | 2.7.3 | 45.00 | 147.00 | 192.00 | OK | |
r-patched-linux-x86_64 | 2.7.3 | 19.70 | 135.07 | 154.77 | OK | |
r-patched-solaris-x86 | 2.7.3 | 252.80 | OK | |||
r-release-linux-x86_64 | 2.7.3 | 21.33 | 138.86 | 160.19 | OK | |
r-release-windows-ix86+x86_64 | 2.7.3 | 55.00 | 143.00 | 198.00 | OK | |
r-release-osx-x86_64 | 2.7.3 | NOTE | ||||
r-oldrel-windows-ix86+x86_64 | 2.7.3 | 20.00 | 133.00 | 153.00 | OK | |
r-oldrel-osx-x86_64 | 2.7.3 | NOTE |
Version: 2.7.3
Check: dependencies in R code
Result: NOTE
No protocol specified
(R:60058): Gtk-WARNING **: gtk_disable_setlocale() must be called before gtk_init()
No protocol specified
Flavor: r-release-osx-x86_64
Version: 2.7.3
Check: dependencies in R code
Result: NOTE
No protocol specified
(R:96230): Gtk-WARNING **: gtk_disable_setlocale() must be called before gtk_init()
No protocol specified
Flavor: r-oldrel-osx-x86_64