Last updated on 2019-11-26 00:51:46 CET.
Flavor | Version | Tinstall | Tcheck | Ttotal | Status | Flags |
---|---|---|---|---|---|---|
r-devel-linux-x86_64-debian-clang | 0.1.0 | 2.42 | 31.35 | 33.77 | OK | |
r-devel-linux-x86_64-debian-gcc | 0.1.0 | 1.91 | 24.75 | 26.66 | OK | |
r-devel-linux-x86_64-fedora-clang | 0.1.0 | 38.55 | NOTE | |||
r-devel-linux-x86_64-fedora-gcc | 0.1.0 | 38.09 | NOTE | |||
r-devel-windows-ix86+x86_64 | 0.1.0 | 11.00 | 55.00 | 66.00 | OK | |
r-devel-windows-ix86+x86_64-gcc8 | 0.1.0 | 7.00 | 40.00 | 47.00 | OK | |
r-patched-linux-x86_64 | 0.1.0 | 2.08 | 30.40 | 32.48 | OK | |
r-patched-solaris-x86 | 0.1.0 | 55.60 | NOTE | |||
r-release-linux-x86_64 | 0.1.0 | 2.14 | 30.63 | 32.77 | OK | |
r-release-windows-ix86+x86_64 | 0.1.0 | 9.00 | 46.00 | 55.00 | OK | |
r-release-osx-x86_64 | 0.1.0 | NOTE | ||||
r-oldrel-windows-ix86+x86_64 | 0.1.0 | 3.00 | 63.00 | 66.00 | OK | |
r-oldrel-osx-x86_64 | 0.1.0 | NOTE |
Version: 0.1.0
Check: dependencies in R code
Result: NOTE
Namespace in Imports field not imported from: ‘sp’
All declared Imports should be used.
Flavors: r-devel-linux-x86_64-fedora-clang, r-devel-linux-x86_64-fedora-gcc, r-patched-solaris-x86, r-release-osx-x86_64, r-oldrel-osx-x86_64