Last updated on 2019-11-26 00:51:46 CET.
Flavor | Version | Tinstall | Tcheck | Ttotal | Status | Flags |
---|---|---|---|---|---|---|
r-devel-linux-x86_64-debian-clang | 1.1.2 | 10.93 | 80.44 | 91.37 | OK | |
r-devel-linux-x86_64-debian-gcc | 1.1.2 | 9.43 | 60.91 | 70.34 | OK | |
r-devel-linux-x86_64-fedora-clang | 1.1.2 | 103.64 | NOTE | |||
r-devel-linux-x86_64-fedora-gcc | 1.1.2 | 102.23 | NOTE | |||
r-devel-windows-ix86+x86_64 | 1.1.2 | 37.00 | 112.00 | 149.00 | OK | |
r-devel-windows-ix86+x86_64-gcc8 | 1.1.2 | 23.00 | 85.00 | 108.00 | OK | |
r-patched-linux-x86_64 | 1.1.2 | 10.84 | 73.90 | 84.74 | OK | |
r-patched-solaris-x86 | 1.1.2 | 162.10 | NOTE | |||
r-release-linux-x86_64 | 1.1.2 | 11.45 | 78.65 | 90.10 | OK | |
r-release-windows-ix86+x86_64 | 1.1.2 | 28.00 | 122.00 | 150.00 | OK | |
r-release-osx-x86_64 | 1.1.2 | NOTE | ||||
r-oldrel-windows-ix86+x86_64 | 1.1.2 | 13.00 | 121.00 | 134.00 | OK | |
r-oldrel-osx-x86_64 | 1.1.2 | NOTE |
Version: 1.1.2
Check: dependencies in R code
Result: NOTE
Namespaces in Imports field not imported from:
‘rworldxtra’ ‘sp’
All declared Imports should be used.
Flavors: r-devel-linux-x86_64-fedora-clang, r-devel-linux-x86_64-fedora-gcc, r-patched-solaris-x86, r-release-osx-x86_64, r-oldrel-osx-x86_64