Last updated on 2019-11-26 00:51:46 CET.
Flavor | Version | Tinstall | Tcheck | Ttotal | Status | Flags |
---|---|---|---|---|---|---|
r-devel-linux-x86_64-debian-clang | 0.1.0 | 8.74 | 48.44 | 57.18 | OK | |
r-devel-linux-x86_64-debian-gcc | 0.1.0 | 6.31 | 37.50 | 43.81 | OK | |
r-devel-linux-x86_64-fedora-clang | 0.1.0 | 64.59 | NOTE | |||
r-devel-linux-x86_64-fedora-gcc | 0.1.0 | 65.87 | NOTE | |||
r-devel-windows-ix86+x86_64 | 0.1.0 | 28.00 | 78.00 | 106.00 | OK | |
r-devel-windows-ix86+x86_64-gcc8 | 0.1.0 | 16.00 | 60.00 | 76.00 | OK | |
r-patched-linux-x86_64 | 0.1.0 | 7.76 | 44.95 | 52.71 | OK | |
r-patched-solaris-x86 | 0.1.0 | 87.70 | NOTE | |||
r-release-linux-x86_64 | 0.1.0 | 7.95 | 44.95 | 52.90 | OK | |
r-release-windows-ix86+x86_64 | 0.1.0 | 21.00 | 54.00 | 75.00 | OK | |
r-release-osx-x86_64 | 0.1.0 | NOTE | ||||
r-oldrel-windows-ix86+x86_64 | 0.1.0 | 9.00 | 79.00 | 88.00 | OK | |
r-oldrel-osx-x86_64 | 0.1.0 | NOTE |
Version: 0.1.0
Check: dependencies in R code
Result: NOTE
Namespaces in Imports field not imported from:
‘R6’ ‘crayon’ ‘dplyr’ ‘tidyr’
All declared Imports should be used.
Flavors: r-devel-linux-x86_64-fedora-clang, r-devel-linux-x86_64-fedora-gcc, r-patched-solaris-x86, r-release-osx-x86_64, r-oldrel-osx-x86_64