Last updated on 2019-11-26 00:51:46 CET.
Flavor | Version | Tinstall | Tcheck | Ttotal | Status | Flags |
---|---|---|---|---|---|---|
r-devel-linux-x86_64-debian-clang | 0.3.1 | 5.24 | 317.47 | 322.71 | OK | |
r-devel-linux-x86_64-debian-gcc | 0.3.1 | 4.12 | 261.41 | 265.53 | OK | |
r-devel-linux-x86_64-fedora-clang | 0.3.1 | 373.38 | NOTE | |||
r-devel-linux-x86_64-fedora-gcc | 0.3.1 | 370.99 | NOTE | |||
r-devel-windows-ix86+x86_64 | 0.3.1 | 24.00 | 599.00 | 623.00 | OK | |
r-devel-windows-ix86+x86_64-gcc8 | 0.3.1 | 13.00 | 493.00 | 506.00 | OK | |
r-patched-linux-x86_64 | 0.3.1 | 4.49 | 295.96 | 300.45 | OK | |
r-patched-solaris-x86 | 0.3.1 | 776.70 | NOTE | |||
r-release-linux-x86_64 | 0.3.1 | 4.62 | 296.24 | 300.86 | OK | |
r-release-windows-ix86+x86_64 | 0.3.1 | 20.00 | 556.00 | 576.00 | OK | |
r-release-osx-x86_64 | 0.3.1 | FAIL | ||||
r-oldrel-windows-ix86+x86_64 | 0.3.1 | 9.00 | 680.00 | 689.00 | OK | |
r-oldrel-osx-x86_64 | 0.3.1 | NOTE |
Version: 0.3.1
Check: dependencies in R code
Result: NOTE
Namespace in Imports field not imported from: ‘knitr’
All declared Imports should be used.
Flavors: r-devel-linux-x86_64-fedora-clang, r-devel-linux-x86_64-fedora-gcc, r-patched-solaris-x86, r-release-osx-x86_64, r-oldrel-osx-x86_64
Version: 0.3.1
Check: installed package size
Result: NOTE
installed size is 5.3Mb
sub-directories of 1Mb or more:
doc 5.1Mb
Flavor: r-patched-solaris-x86
Version: 0.3.1
Check: re-building of vignette outputs
Result: FAIL
Flavor: r-release-osx-x86_64