Last updated on 2019-11-26 00:51:47 CET.
Flavor | Version | Tinstall | Tcheck | Ttotal | Status | Flags |
---|---|---|---|---|---|---|
r-devel-linux-x86_64-debian-clang | 0.7.4 | 6.29 | 43.22 | 49.51 | OK | |
r-devel-linux-x86_64-debian-gcc | 0.7.4 | 5.15 | 33.37 | 38.52 | OK | |
r-devel-linux-x86_64-fedora-clang | 0.7.4 | 60.33 | NOTE | |||
r-devel-linux-x86_64-fedora-gcc | 0.7.4 | 58.69 | NOTE | |||
r-devel-windows-ix86+x86_64 | 0.7.4 | 21.00 | 72.00 | 93.00 | OK | |
r-devel-windows-ix86+x86_64-gcc8 | 0.7.4 | 13.00 | 52.00 | 65.00 | OK | |
r-patched-linux-x86_64 | 0.7.4 | 4.79 | 41.50 | 46.29 | OK | |
r-patched-solaris-x86 | 0.7.4 | 81.40 | NOTE | |||
r-release-linux-x86_64 | 0.7.4 | 5.07 | 41.23 | 46.30 | OK | |
r-release-windows-ix86+x86_64 | 0.7.4 | 18.00 | 51.00 | 69.00 | OK | |
r-release-osx-x86_64 | 0.7.4 | NOTE | ||||
r-oldrel-windows-ix86+x86_64 | 0.7.4 | 8.00 | 74.00 | 82.00 | OK | |
r-oldrel-osx-x86_64 | 0.7.4 | NOTE |
Version: 0.7.4
Check: dependencies in R code
Result: NOTE
Namespace in Imports field not imported from: ‘gamlss.dist’
All declared Imports should be used.
Flavors: r-devel-linux-x86_64-fedora-clang, r-devel-linux-x86_64-fedora-gcc, r-patched-solaris-x86, r-release-osx-x86_64, r-oldrel-osx-x86_64
Version: 0.7.4
Check: data for non-ASCII characters
Result: NOTE
Note: found 27 marked UTF-8 strings
Flavors: r-devel-linux-x86_64-fedora-clang, r-devel-linux-x86_64-fedora-gcc, r-patched-solaris-x86, r-release-osx-x86_64, r-oldrel-osx-x86_64