Last updated on 2019-11-26 00:51:47 CET.
Flavor | Version | Tinstall | Tcheck | Ttotal | Status | Flags |
---|---|---|---|---|---|---|
r-devel-linux-x86_64-debian-clang | 1.3.0 | 12.71 | 121.03 | 133.74 | NOTE | |
r-devel-linux-x86_64-debian-gcc | 1.3.0 | 12.04 | 106.35 | 118.39 | NOTE | |
r-devel-linux-x86_64-fedora-clang | 1.3.0 | 140.00 | NOTE | |||
r-devel-linux-x86_64-fedora-gcc | 1.3.0 | 151.40 | NOTE | |||
r-devel-windows-ix86+x86_64 | 1.3.0 | 67.00 | 159.00 | 226.00 | OK | |
r-devel-windows-ix86+x86_64-gcc8 | 1.3.0 | 26.00 | 117.00 | 143.00 | OK | |
r-patched-linux-x86_64 | 1.3.0 | 13.32 | 113.01 | 126.33 | OK | |
r-patched-solaris-x86 | 1.3.0 | 202.30 | OK | |||
r-release-linux-x86_64 | 1.3.0 | 10.88 | 114.91 | 125.79 | OK | |
r-release-windows-ix86+x86_64 | 1.3.0 | 36.00 | 155.00 | 191.00 | OK | |
r-release-osx-x86_64 | 1.3.0 | OK | ||||
r-oldrel-windows-ix86+x86_64 | 1.3.0 | 14.00 | 161.00 | 175.00 | OK | |
r-oldrel-osx-x86_64 | 1.3.0 | OK |
Version: 1.3.0
Check: for non-standard things in the check directory
Result: NOTE
Found the following files/directories:
'clickstreams.csv'
Flavors: r-devel-linux-x86_64-debian-clang, r-devel-linux-x86_64-debian-gcc, r-devel-linux-x86_64-fedora-clang, r-devel-linux-x86_64-fedora-gcc