Last updated on 2019-11-26 00:51:47 CET.
Flavor | Version | Tinstall | Tcheck | Ttotal | Status | Flags |
---|---|---|---|---|---|---|
r-devel-linux-x86_64-debian-clang | 2.2-0 | 9.13 | 54.76 | 63.89 | OK | |
r-devel-linux-x86_64-debian-gcc | 2.2-0 | 7.28 | 43.52 | 50.80 | OK | |
r-devel-linux-x86_64-fedora-clang | 2.2-0 | 72.23 | NOTE | |||
r-devel-linux-x86_64-fedora-gcc | 2.2-0 | 74.90 | NOTE | |||
r-devel-windows-ix86+x86_64 | 2.2-0 | 30.00 | 105.00 | 135.00 | OK | |
r-devel-windows-ix86+x86_64-gcc8 | 2.2-0 | 25.00 | 79.00 | 104.00 | OK | |
r-patched-linux-x86_64 | 2.2-0 | 8.01 | 52.79 | 60.80 | OK | |
r-patched-solaris-x86 | 2.2-0 | 111.10 | OK | |||
r-release-linux-x86_64 | 2.2-0 | 8.06 | 53.52 | 61.58 | OK | |
r-release-windows-ix86+x86_64 | 2.2-0 | 23.00 | 74.00 | 97.00 | OK | |
r-release-osx-x86_64 | 2.2-0 | OK | ||||
r-oldrel-windows-ix86+x86_64 | 2.2-0 | 9.00 | 96.00 | 105.00 | OK | |
r-oldrel-osx-x86_64 | 2.2-0 | OK |
Version: 2.2-0
Check: compiled code
Result: NOTE
File ‘coenoflex/libs/coenoflex.so’:
Found no calls to: ‘R_registerRoutines’, ‘R_useDynamicSymbols’
It is good practice to register native routines and to disable symbol
search.
See ‘Writing portable packages’ in the ‘Writing R Extensions’ manual.
Flavors: r-devel-linux-x86_64-fedora-clang, r-devel-linux-x86_64-fedora-gcc