CRAN Package Check Results for Package cofeatureR

Last updated on 2019-11-26 00:51:47 CET.

Flavor Version Tinstall Tcheck Ttotal Status Flags
r-devel-linux-x86_64-debian-clang 1.1.1 1.95 21.15 23.10 OK
r-devel-linux-x86_64-debian-gcc 1.1.1 1.56 16.82 18.38 OK
r-devel-linux-x86_64-fedora-clang 1.1.1 27.50 NOTE
r-devel-linux-x86_64-fedora-gcc 1.1.1 27.71 NOTE
r-devel-windows-ix86+x86_64 1.1.1 13.00 42.00 55.00 OK
r-devel-windows-ix86+x86_64-gcc8 1.1.1 7.00 31.00 38.00 OK
r-patched-linux-x86_64 1.1.1 1.68 20.39 22.07 OK
r-patched-solaris-x86 1.1.1 41.70 NOTE
r-release-linux-x86_64 1.1.1 1.69 20.46 22.15 OK
r-release-windows-ix86+x86_64 1.1.1 6.00 30.00 36.00 OK
r-release-osx-x86_64 1.1.1 NOTE
r-oldrel-windows-ix86+x86_64 1.1.1 2.00 45.00 47.00 OK
r-oldrel-osx-x86_64 1.1.1 NOTE

Check Details

Version: 1.1.1
Check: dependencies in R code
Result: NOTE
    Namespace in Imports field not imported from: ‘tibble’
     All declared Imports should be used.
Flavors: r-devel-linux-x86_64-fedora-clang, r-devel-linux-x86_64-fedora-gcc, r-patched-solaris-x86, r-release-osx-x86_64, r-oldrel-osx-x86_64