Last updated on 2019-11-26 00:51:47 CET.
Flavor | Version | Tinstall | Tcheck | Ttotal | Status | Flags |
---|---|---|---|---|---|---|
r-devel-linux-x86_64-debian-clang | 0.1-4 | 2.04 | 22.53 | 24.57 | NOTE | |
r-devel-linux-x86_64-debian-gcc | 0.1-4 | 1.70 | 18.12 | 19.82 | NOTE | |
r-devel-linux-x86_64-fedora-clang | 0.1-4 | 29.73 | NOTE | |||
r-devel-linux-x86_64-fedora-gcc | 0.1-4 | 29.90 | NOTE | |||
r-devel-windows-ix86+x86_64 | 0.1-4 | 7.00 | 46.00 | 53.00 | NOTE | |
r-devel-windows-ix86+x86_64-gcc8 | 0.1-4 | 8.00 | 40.00 | 48.00 | NOTE | |
r-patched-linux-x86_64 | 0.1-4 | 1.59 | 22.63 | 24.22 | NOTE | |
r-patched-solaris-x86 | 0.1-4 | 48.10 | NOTE | |||
r-release-linux-x86_64 | 0.1-4 | 1.88 | 22.70 | 24.58 | NOTE | |
r-release-windows-ix86+x86_64 | 0.1-4 | 3.00 | 49.00 | 52.00 | NOTE | |
r-release-osx-x86_64 | 0.1-4 | NOTE | ||||
r-oldrel-windows-ix86+x86_64 | 0.1-4 | 4.00 | 33.00 | 37.00 | NOTE | |
r-oldrel-osx-x86_64 | 0.1-4 | NOTE |
Version: 0.1-4
Check: R code for possible problems
Result: NOTE
K1.norm: no visible global function definition for 'dnorm'
K1.norm: no visible global function definition for 'pnorm'
K1.t3: no visible global function definition for 'pt'
K2.norm: no visible global function definition for 'dnorm'
K2.norm: no visible global function definition for 'pnorm'
K2.t3: no visible global function definition for 'pt'
Undefined global functions or variables:
dnorm pnorm pt
Consider adding
importFrom("stats", "dnorm", "pnorm", "pt")
to your NAMESPACE file.
Flavors: r-devel-linux-x86_64-debian-clang, r-devel-linux-x86_64-debian-gcc, r-devel-linux-x86_64-fedora-clang, r-devel-linux-x86_64-fedora-gcc, r-devel-windows-ix86+x86_64, r-devel-windows-ix86+x86_64-gcc8, r-patched-linux-x86_64, r-patched-solaris-x86, r-release-linux-x86_64, r-release-windows-ix86+x86_64, r-release-osx-x86_64, r-oldrel-windows-ix86+x86_64, r-oldrel-osx-x86_64