Last updated on 2019-11-26 00:51:47 CET.
Flavor | Version | Tinstall | Tcheck | Ttotal | Status | Flags |
---|---|---|---|---|---|---|
r-devel-linux-x86_64-debian-clang | 0.21 | 12.20 | 98.44 | 110.64 | OK | |
r-devel-linux-x86_64-debian-gcc | 0.21 | 10.06 | 76.35 | 86.41 | OK | |
r-devel-linux-x86_64-fedora-clang | 0.21 | 123.73 | NOTE | |||
r-devel-linux-x86_64-fedora-gcc | 0.21 | 123.89 | NOTE | |||
r-devel-windows-ix86+x86_64 | 0.21 | 40.00 | 148.00 | 188.00 | OK | |
r-devel-windows-ix86+x86_64-gcc8 | 0.21 | 25.00 | 112.00 | 137.00 | OK | |
r-patched-linux-x86_64 | 0.21 | 10.89 | 91.35 | 102.24 | OK | |
r-patched-solaris-x86 | 0.21 | 193.50 | NOTE | |||
r-release-linux-x86_64 | 0.21 | 11.54 | 92.40 | 103.94 | OK | |
r-release-windows-ix86+x86_64 | 0.21 | 39.00 | 107.00 | 146.00 | OK | |
r-release-osx-x86_64 | 0.21 | NOTE | ||||
r-oldrel-windows-ix86+x86_64 | 0.21 | 13.00 | 101.00 | 114.00 | OK | |
r-oldrel-osx-x86_64 | 0.21 | NOTE |
Version: 0.21
Check: dependencies in R code
Result: NOTE
Namespaces in Imports field not imported from:
‘Hmisc’ ‘MASS’ ‘geepack’
All declared Imports should be used.
Flavors: r-devel-linux-x86_64-fedora-clang, r-devel-linux-x86_64-fedora-gcc, r-patched-solaris-x86, r-release-osx-x86_64, r-oldrel-osx-x86_64