Last updated on 2019-11-26 00:51:48 CET.
Flavor | Version | Tinstall | Tcheck | Ttotal | Status | Flags |
---|---|---|---|---|---|---|
r-devel-linux-x86_64-debian-clang | 0.7.0 | 3.00 | 34.47 | 37.47 | OK | |
r-devel-linux-x86_64-debian-gcc | 0.7.0 | 2.65 | 26.76 | 29.41 | OK | |
r-devel-linux-x86_64-fedora-clang | 0.7.0 | 43.00 | NOTE | |||
r-devel-linux-x86_64-fedora-gcc | 0.7.0 | 41.95 | NOTE | |||
r-devel-windows-ix86+x86_64 | 0.7.0 | 18.00 | 59.00 | 77.00 | OK | |
r-devel-windows-ix86+x86_64-gcc8 | 0.7.0 | 10.00 | 48.00 | 58.00 | OK | |
r-patched-linux-x86_64 | 0.7.0 | 2.66 | 33.22 | 35.88 | OK | |
r-patched-solaris-x86 | 0.7.0 | 67.40 | NOTE | |||
r-release-linux-x86_64 | 0.7.0 | 2.78 | 33.58 | 36.36 | OK | |
r-release-windows-ix86+x86_64 | 0.7.0 | 13.00 | 63.00 | 76.00 | OK | |
r-release-osx-x86_64 | 0.7.0 | NOTE | ||||
r-oldrel-windows-ix86+x86_64 | 0.7.0 | 12.00 | 46.00 | 58.00 | OK | |
r-oldrel-osx-x86_64 | 0.7.0 | NOTE |
Version: 0.7.0
Check: dependencies in R code
Result: NOTE
Namespaces in Imports field not imported from:
‘RColorBrewer’ ‘forcats’ ‘ggplot2’ ‘re2r’ ‘rmarkdown’ ‘shinyWidgets’
‘shinycssloaders’ ‘shinydashboard’ ‘shinyjs’ ‘tidyr’ ‘zoo’
All declared Imports should be used.
Flavors: r-devel-linux-x86_64-fedora-clang, r-devel-linux-x86_64-fedora-gcc, r-patched-solaris-x86, r-release-osx-x86_64, r-oldrel-osx-x86_64