CRAN Package Check Results for Package correlationfunnel

Last updated on 2019-11-26 00:51:48 CET.

Flavor Version Tinstall Tcheck Ttotal Status Flags
r-devel-linux-x86_64-debian-clang 0.1.0 13.67 141.27 154.94 OK
r-devel-linux-x86_64-debian-gcc 0.1.0 11.22 108.57 119.79 OK
r-devel-linux-x86_64-fedora-clang 0.1.0 174.46 NOTE
r-devel-linux-x86_64-fedora-gcc 0.1.0 174.38 NOTE
r-devel-windows-ix86+x86_64 0.1.0 43.00 197.00 240.00 NOTE
r-devel-windows-ix86+x86_64-gcc8 0.1.0 32.00 147.00 179.00 NOTE
r-patched-linux-x86_64 0.1.0 11.77 134.13 145.90 OK
r-patched-solaris-x86 0.1.0 277.70 NOTE
r-release-linux-x86_64 0.1.0 14.16 134.38 148.54 OK
r-release-windows-ix86+x86_64 0.1.0 41.00 192.00 233.00 NOTE
r-release-osx-x86_64 0.1.0 NOTE
r-oldrel-windows-ix86+x86_64 0.1.0 15.00 132.00 147.00 NOTE
r-oldrel-osx-x86_64 0.1.0 NOTE

Check Details

Version: 0.1.0
Check: installed package size
Result: NOTE
     installed size is 5.4Mb
     sub-directories of 1Mb or more:
     doc 3.0Mb
     help 1.6Mb
Flavors: r-devel-linux-x86_64-fedora-clang, r-devel-windows-ix86+x86_64, r-devel-windows-ix86+x86_64-gcc8, r-patched-solaris-x86, r-release-windows-ix86+x86_64, r-release-osx-x86_64, r-oldrel-windows-ix86+x86_64, r-oldrel-osx-x86_64

Version: 0.1.0
Check: dependencies in R code
Result: NOTE
    Namespace in Imports field not imported from: ‘utils’
     All declared Imports should be used.
Flavors: r-devel-linux-x86_64-fedora-clang, r-devel-linux-x86_64-fedora-gcc, r-patched-solaris-x86, r-release-osx-x86_64, r-oldrel-osx-x86_64