Last updated on 2019-11-26 00:51:48 CET.
Flavor | Version | Tinstall | Tcheck | Ttotal | Status | Flags |
---|---|---|---|---|---|---|
r-devel-linux-x86_64-debian-clang | 0.99.10 | 4.39 | 43.72 | 48.11 | OK | |
r-devel-linux-x86_64-debian-gcc | 0.99.10 | 3.92 | 33.30 | 37.22 | OK | |
r-devel-linux-x86_64-fedora-clang | 0.99.10 | 55.47 | NOTE | |||
r-devel-linux-x86_64-fedora-gcc | 0.99.10 | 55.23 | NOTE | |||
r-devel-windows-ix86+x86_64 | 0.99.10 | 21.00 | 87.00 | 108.00 | OK | |
r-devel-windows-ix86+x86_64-gcc8 | 0.99.10 | 14.00 | 64.00 | 78.00 | OK | |
r-patched-linux-x86_64 | 0.99.10 | 3.89 | 41.15 | 45.04 | OK | |
r-patched-solaris-x86 | 0.99.10 | 97.80 | NOTE | |||
r-release-linux-x86_64 | 0.99.10 | 4.12 | 41.73 | 45.85 | OK | |
r-release-windows-ix86+x86_64 | 0.99.10 | 16.00 | 64.00 | 80.00 | OK | |
r-release-osx-x86_64 | 0.99.10 | NOTE | ||||
r-oldrel-windows-ix86+x86_64 | 0.99.10 | 6.00 | 82.00 | 88.00 | OK | |
r-oldrel-osx-x86_64 | 0.99.10 | NOTE |
Version: 0.99.10
Check: dependencies in R code
Result: NOTE
Namespaces in Imports field not imported from:
‘knitr’ ‘rmarkdown’
All declared Imports should be used.
Flavors: r-devel-linux-x86_64-fedora-clang, r-devel-linux-x86_64-fedora-gcc, r-patched-solaris-x86, r-release-osx-x86_64, r-oldrel-osx-x86_64