Last updated on 2019-11-26 00:51:49 CET.
Flavor | Version | Tinstall | Tcheck | Ttotal | Status | Flags |
---|---|---|---|---|---|---|
r-devel-linux-x86_64-debian-clang | 0.1.1 | 1.90 | 23.20 | 25.10 | NOTE | |
r-devel-linux-x86_64-debian-gcc | 0.1.1 | 1.69 | 18.80 | 20.49 | NOTE | |
r-devel-linux-x86_64-fedora-clang | 0.1.1 | 30.86 | NOTE | |||
r-devel-linux-x86_64-fedora-gcc | 0.1.1 | 30.92 | NOTE | |||
r-devel-windows-ix86+x86_64 | 0.1.1 | 13.00 | 47.00 | 60.00 | OK | |
r-devel-windows-ix86+x86_64-gcc8 | 0.1.1 | 6.00 | 37.00 | 43.00 | OK | |
r-patched-linux-x86_64 | 0.1.1 | 1.57 | 22.38 | 23.95 | OK | |
r-patched-solaris-x86 | 0.1.1 | 43.70 | OK | |||
r-release-linux-x86_64 | 0.1.1 | 1.86 | 22.59 | 24.45 | OK | |
r-release-windows-ix86+x86_64 | 0.1.1 | 9.00 | 36.00 | 45.00 | OK | |
r-release-osx-x86_64 | 0.1.1 | OK | ||||
r-oldrel-windows-ix86+x86_64 | 0.1.1 | 3.00 | 44.00 | 47.00 | OK | |
r-oldrel-osx-x86_64 | 0.1.1 | OK |
Version: 0.1.1
Check: for non-standard things in the check directory
Result: NOTE
Found the following files/directories:
'my new data set.rds'
Flavors: r-devel-linux-x86_64-debian-clang, r-devel-linux-x86_64-debian-gcc, r-devel-linux-x86_64-fedora-clang, r-devel-linux-x86_64-fedora-gcc