Last updated on 2019-11-26 00:51:49 CET.
Flavor | Version | Tinstall | Tcheck | Ttotal | Status | Flags |
---|---|---|---|---|---|---|
r-devel-linux-x86_64-debian-clang | 1.0.0 | 5.88 | 49.67 | 55.55 | OK | |
r-devel-linux-x86_64-debian-gcc | 1.0.0 | 4.64 | 37.41 | 42.05 | OK | |
r-devel-linux-x86_64-fedora-clang | 1.0.0 | 62.49 | NOTE | |||
r-devel-linux-x86_64-fedora-gcc | 1.0.0 | 61.73 | NOTE | |||
r-devel-windows-ix86+x86_64 | 1.0.0 | 38.00 | 81.00 | 119.00 | OK | |
r-devel-windows-ix86+x86_64-gcc8 | 1.0.0 | 14.00 | 66.00 | 80.00 | OK | |
r-patched-linux-x86_64 | 1.0.0 | 5.48 | 46.39 | 51.87 | OK | |
r-patched-solaris-x86 | 1.0.0 | 98.10 | NOTE | |||
r-release-linux-x86_64 | 1.0.0 | 5.78 | 46.87 | 52.65 | OK | |
r-release-windows-ix86+x86_64 | 1.0.0 | 21.00 | 98.00 | 119.00 | OK | |
r-release-osx-x86_64 | 1.0.0 | NOTE | ||||
r-oldrel-windows-ix86+x86_64 | 1.0.0 | 7.00 | 69.00 | 76.00 | OK | |
r-oldrel-osx-x86_64 | 1.0.0 | NOTE |
Version: 1.0.0
Check: dependencies in R code
Result: NOTE
Namespaces in Imports field not imported from:
‘DT’ ‘shinyFiles’ ‘shinycssloaders’ ‘shinyjs’ ‘shinythemes’
All declared Imports should be used.
Flavors: r-devel-linux-x86_64-fedora-clang, r-devel-linux-x86_64-fedora-gcc, r-patched-solaris-x86, r-release-osx-x86_64, r-oldrel-osx-x86_64